Last updated on 2024-08-31 08:48:06 CEST.
Flavor | Version | Tinstall | Tcheck | Ttotal | Status | Flags |
---|---|---|---|---|---|---|
r-devel-linux-x86_64-debian-clang | 0.2.4 | 154.36 | 109.83 | 264.19 | OK | |
r-devel-linux-x86_64-debian-gcc | 0.2.4 | 108.85 | 69.09 | 177.94 | OK | |
r-devel-linux-x86_64-fedora-clang | 0.2.4 | 526.09 | OK | |||
r-devel-linux-x86_64-fedora-gcc | 0.2.4 | 519.15 | OK | |||
r-devel-windows-x86_64 | 0.2.4 | 178.00 | 157.00 | 335.00 | OK | |
r-patched-linux-x86_64 | 0.2.4 | 160.08 | 98.88 | 258.96 | OK | |
r-release-linux-x86_64 | 0.2.4 | 154.91 | 96.66 | 251.57 | OK | |
r-release-macos-arm64 | 0.2.4 | 131.00 | NOTE | |||
r-release-macos-x86_64 | 0.2.4 | 138.00 | NOTE | |||
r-release-windows-x86_64 | 0.2.4 | 185.00 | 159.00 | 344.00 | OK | |
r-oldrel-macos-arm64 | 0.2.4 | 133.00 | NOTE | |||
r-oldrel-macos-x86_64 | 0.2.4 | 152.00 | NOTE | |||
r-oldrel-windows-x86_64 | 0.2.4 | 210.00 | 187.00 | 397.00 | OK |
Version: 0.2.4
Check: installed package size
Result: NOTE
installed size is 5.8Mb
sub-directories of 1Mb or more:
libs 5.3Mb
Flavors: r-release-macos-arm64, r-release-macos-x86_64, r-oldrel-macos-arm64, r-oldrel-macos-x86_64