Last updated on 2025-01-20 08:48:20 CET.
Flavor | Version | Tinstall | Tcheck | Ttotal | Status | Flags |
---|---|---|---|---|---|---|
r-devel-linux-x86_64-debian-clang | 0.4.9 | 203.16 | 87.09 | 290.25 | NOTE | |
r-devel-linux-x86_64-debian-gcc | 0.4.9 | 177.05 | 75.73 | 252.78 | NOTE | |
r-devel-linux-x86_64-fedora-clang | 0.4.9 | 453.23 | NOTE | |||
r-devel-linux-x86_64-fedora-gcc | 0.4.9 | 650.26 | NOTE | |||
r-devel-windows-x86_64 | 0.4.9 | 176.00 | 127.00 | 303.00 | OK | |
r-patched-linux-x86_64 | 0.4.9 | 230.99 | 95.76 | 326.75 | OK | |
r-release-linux-x86_64 | 0.4.9 | 237.38 | 95.86 | 333.24 | OK | |
r-release-macos-arm64 | 0.4.9 | 133.00 | NOTE | |||
r-release-macos-x86_64 | 0.4.9 | 249.00 | NOTE | |||
r-release-windows-x86_64 | 0.4.9 | 180.00 | 134.00 | 314.00 | OK | |
r-oldrel-macos-arm64 | 0.4.9 | 153.00 | NOTE | |||
r-oldrel-macos-x86_64 | 0.4.9 | 502.00 | NOTE | |||
r-oldrel-windows-x86_64 | 0.4.9 | 220.00 | 164.00 | 384.00 | OK |
Version: 0.4.9
Check: top-level files
Result: NOTE
possible bashism in configure.ac line 72 (unsafe echo with backslash):
echo ' To use all CPU cores for training jobs, you should install OpenMP by running\n'
Flavors: r-devel-linux-x86_64-debian-clang, r-devel-linux-x86_64-debian-gcc, r-devel-linux-x86_64-fedora-clang, r-devel-linux-x86_64-fedora-gcc
Version: 0.4.9
Check: installed package size
Result: NOTE
installed size is 105.5Mb
sub-directories of 1Mb or more:
libs 104.5Mb
Flavors: r-release-macos-arm64, r-release-macos-x86_64, r-oldrel-macos-arm64, r-oldrel-macos-x86_64