Last updated on 2024-04-23 08:57:37 CEST.
Flavor | Version | Tinstall | Tcheck | Ttotal | Status | Flags |
---|---|---|---|---|---|---|
r-devel-linux-x86_64-debian-clang | 0.1.1 | 2.28 | 23.18 | 25.46 | OK | |
r-devel-linux-x86_64-debian-gcc | 0.1.1 | 1.65 | 17.79 | 19.44 | OK | |
r-devel-linux-x86_64-fedora-clang | 0.1.1 | 32.53 | NOTE | |||
r-devel-linux-x86_64-fedora-gcc | 0.1.1 | 30.49 | NOTE | |||
r-prerel-macos-arm64 | 0.1.1 | 15.00 | OK | |||
r-prerel-windows-x86_64 | 0.1.1 | 2.00 | 39.00 | 41.00 | OK | |
r-patched-linux-x86_64 | 0.1.1 | 1.90 | 22.19 | 24.09 | OK | |
r-release-linux-x86_64 | 0.1.1 | 1.51 | 22.16 | 23.67 | OK | |
r-release-macos-arm64 | 0.1.1 | 15.00 | OK | |||
r-release-macos-x86_64 | 0.1.1 | 21.00 | OK | |||
r-release-windows-x86_64 | 0.1.1 | 2.00 | 39.00 | 41.00 | OK | |
r-oldrel-macos-arm64 | 0.1.1 | 16.00 | OK | |||
r-oldrel-windows-x86_64 | 0.1.1 | 4.00 | 44.00 | 48.00 | OK |
Version: 0.1.1
Check: dependencies in R code
Result: NOTE
Namespace in Imports field not imported from: ‘MASS’
All declared Imports should be used.
Flavors: r-devel-linux-x86_64-fedora-clang, r-devel-linux-x86_64-fedora-gcc