CRAN Package Check Results for Package abstractr

Last updated on 2021-10-20 08:49:15 CEST.

Flavor Version Tinstall Tcheck Ttotal Status Flags
r-devel-linux-x86_64-debian-clang 0.1.0 6.10 62.50 68.60 NOTE
r-devel-linux-x86_64-debian-gcc 0.1.0 4.77 46.83 51.60 NOTE
r-devel-linux-x86_64-fedora-clang 0.1.0 91.31 NOTE
r-devel-linux-x86_64-fedora-gcc 0.1.0 79.51 NOTE
r-devel-windows-x86_64 0.1.0 12.00 87.00 99.00 NOTE
r-devel-windows-x86_64-gcc10-UCRT 0.1.0 NOTE
r-patched-linux-x86_64 0.1.0 5.48 57.16 62.64 NOTE
r-patched-solaris-x86 0.1.0 108.10 NOTE
r-release-linux-x86_64 0.1.0 6.03 57.86 63.89 NOTE
r-release-macos-arm64 0.1.0 NOTE
r-release-macos-x86_64 0.1.0 NOTE
r-release-windows-ix86+x86_64 0.1.0 17.00 92.00 109.00 NOTE
r-oldrel-macos-x86_64 0.1.0 OK
r-oldrel-windows-ix86+x86_64 0.1.0 19.00 97.00 116.00 OK

Check Details

Version: 0.1.0
Check: LazyData
Result: NOTE
     'LazyData' is specified without a 'data' directory
Flavors: r-devel-linux-x86_64-debian-clang, r-devel-linux-x86_64-debian-gcc, r-devel-linux-x86_64-fedora-clang, r-devel-linux-x86_64-fedora-gcc, r-devel-windows-x86_64, r-devel-windows-x86_64-gcc10-UCRT, r-patched-linux-x86_64, r-patched-solaris-x86, r-release-linux-x86_64, r-release-macos-arm64, r-release-macos-x86_64, r-release-windows-ix86+x86_64