Last updated on 2024-04-24 07:57:33 CEST.
Flavor | Version | Tinstall | Tcheck | Ttotal | Status | Flags |
---|---|---|---|---|---|---|
r-devel-linux-x86_64-debian-clang | 0.2 | 5.77 | 54.94 | 60.71 | OK | |
r-devel-linux-x86_64-debian-gcc | 0.2 | 5.10 | 40.82 | 45.92 | OK | |
r-devel-linux-x86_64-fedora-clang | 0.2 | 78.64 | NOTE | |||
r-devel-linux-x86_64-fedora-gcc | 0.2 | 73.38 | OK | |||
r-prerel-macos-arm64 | 0.2 | 25.00 | OK | |||
r-prerel-windows-x86_64 | 0.2 | 8.00 | 63.00 | 71.00 | OK | |
r-patched-linux-x86_64 | 0.2 | 6.16 | 52.09 | 58.25 | OK | |
r-release-linux-x86_64 | 0.2 | 3.92 | 49.98 | 53.90 | OK | |
r-release-macos-arm64 | 0.2 | 27.00 | OK | |||
r-release-macos-x86_64 | 0.2 | 39.00 | OK | |||
r-release-windows-x86_64 | 0.2 | 8.00 | 69.00 | 77.00 | OK | |
r-oldrel-macos-arm64 | 0.2 | 26.00 | OK | |||
r-oldrel-windows-x86_64 | 0.2 | 9.00 | 72.00 | 81.00 | OK |
Version: 0.2
Check: Rd cross-references
Result: NOTE
Undeclared package ‘CCA’ in Rd xrefs
Flavor: r-devel-linux-x86_64-fedora-clang