Last updated on 2024-04-24 07:57:33 CEST.
Flavor | Version | Tinstall | Tcheck | Ttotal | Status | Flags |
---|---|---|---|---|---|---|
r-devel-linux-x86_64-debian-clang | 1.3.1 | 12.92 | 96.45 | 109.37 | OK | |
r-devel-linux-x86_64-debian-gcc | 1.3.1 | 12.22 | 68.55 | 80.77 | OK | |
r-devel-linux-x86_64-fedora-clang | 1.3.1 | 136.07 | NOTE | |||
r-devel-linux-x86_64-fedora-gcc | 1.3.1 | 147.70 | NOTE | |||
r-prerel-macos-arm64 | 1.3.1 | 42.00 | OK | |||
r-prerel-windows-x86_64 | 1.3.1 | 14.00 | 98.00 | 112.00 | OK | |
r-patched-linux-x86_64 | 1.3.1 | 14.00 | 93.04 | 107.04 | OK | |
r-release-linux-x86_64 | 1.3.1 | 13.65 | 90.35 | 104.00 | OK | |
r-release-macos-arm64 | 1.3.1 | 45.00 | OK | |||
r-release-macos-x86_64 | 1.3.1 | 82.00 | OK | |||
r-release-windows-x86_64 | 1.3.1 | 17.00 | 115.00 | 132.00 | OK | |
r-oldrel-macos-arm64 | 1.3.1 | 43.00 | OK | |||
r-oldrel-windows-x86_64 | 1.3.1 | 19.00 | 101.00 | 120.00 | OK |
Version: 1.3.1
Check: data for non-ASCII characters
Result: NOTE
Note: found 305 marked UTF-8 strings
Flavors: r-devel-linux-x86_64-fedora-clang, r-devel-linux-x86_64-fedora-gcc