Last updated on 2024-03-12 07:49:46 CET.
Flavor | Version | Tinstall | Tcheck | Ttotal | Status | Flags |
---|---|---|---|---|---|---|
r-devel-linux-x86_64-debian-clang | 1.1.0 | 63.90 | 42.90 | 106.80 | NOTE | |
r-devel-linux-x86_64-debian-gcc | 1.1.0 | 43.45 | 33.37 | 76.82 | NOTE | |
r-devel-linux-x86_64-fedora-clang | 1.1.0 | 151.09 | NOTE | |||
r-devel-linux-x86_64-fedora-gcc | 1.1.0 | 150.75 | NOTE | |||
r-devel-windows-x86_64 | 1.1.0 | 48.00 | 81.00 | 129.00 | NOTE | |
r-patched-linux-x86_64 | 1.1.0 | 60.64 | 42.72 | 103.36 | OK | |
r-release-linux-x86_64 | 1.1.0 | 56.32 | 42.43 | 98.75 | OK | |
r-release-macos-arm64 | 1.1.0 | 40.00 | OK | |||
r-release-macos-x86_64 | 1.1.0 | 62.00 | OK | |||
r-release-windows-x86_64 | 1.1.0 | 61.00 | 84.00 | 145.00 | OK | |
r-oldrel-macos-arm64 | 1.1.0 | 40.00 | NOTE | |||
r-oldrel-windows-x86_64 | 1.1.0 | 56.00 | 82.00 | 138.00 | OK |
Version: 1.1.0
Check: Rd \usage sections
Result: NOTE
Documented arguments not in \usage in Rd file 'd1.Rd':
‘The’ ‘A’
Functions with \usage entries need to have the appropriate \alias
entries, and all their arguments documented.
The \usage entries must correspond to syntactically valid R code.
See chapter ‘Writing R documentation files’ in the ‘Writing R
Extensions’ manual.
Flavors: r-devel-linux-x86_64-debian-clang, r-devel-linux-x86_64-debian-gcc, r-devel-linux-x86_64-fedora-clang, r-devel-linux-x86_64-fedora-gcc, r-devel-windows-x86_64
Version: 1.1.0
Check: dependencies in R code
Result: NOTE
Namespaces in Imports field not imported from:
‘MASS’ ‘RcppProgress’
All declared Imports should be used.
Flavors: r-devel-linux-x86_64-fedora-clang, r-devel-linux-x86_64-fedora-gcc, r-oldrel-macos-arm64