Last updated on 2024-03-12 07:49:46 CET.
Flavor | Version | Tinstall | Tcheck | Ttotal | Status | Flags |
---|---|---|---|---|---|---|
r-devel-linux-x86_64-debian-clang | 1.0.2 | 3.61 | 58.79 | 62.40 | NOTE | |
r-devel-linux-x86_64-debian-gcc | 1.0.2 | 4.48 | 44.53 | 49.01 | NOTE | |
r-devel-linux-x86_64-fedora-clang | 1.0.2 | 80.02 | NOTE | |||
r-devel-linux-x86_64-fedora-gcc | 1.0.2 | 77.16 | NOTE | |||
r-devel-windows-x86_64 | 1.0.2 | 5.00 | 66.00 | 71.00 | NOTE | |
r-patched-linux-x86_64 | 1.0.2 | 4.91 | 57.59 | 62.50 | OK | |
r-release-linux-x86_64 | 1.0.2 | 6.34 | 58.96 | 65.30 | OK | |
r-release-macos-arm64 | 1.0.2 | 27.00 | OK | |||
r-release-macos-x86_64 | 1.0.2 | 54.00 | OK | |||
r-release-windows-x86_64 | 1.0.2 | 6.00 | 68.00 | 74.00 | OK | |
r-oldrel-macos-arm64 | 1.0.2 | 27.00 | OK | |||
r-oldrel-windows-x86_64 | 1.0.2 | 7.00 | 74.00 | 81.00 | OK |
Version: 1.0.2
Check: Rd files
Result: NOTE
checkRd: (-1) est_S_Plus_Plus_MethodA.Rd:31: Lost braces; missing escapes or markup?
31 | \item{trt_diff}{Estimate of treatment difference for S_{++} using Method A}
| ^
checkRd: (-1) est_S_Plus_Plus_MethodB.Rd:31: Lost braces; missing escapes or markup?
31 | \item{trt_diff}{Estimate of treatment difference for S_{++} using Method B}
| ^
checkRd: (-1) est_S_Star_Plus_MethodA.Rd:29: Lost braces; missing escapes or markup?
29 | \item{trt_diff}{Estimate of treatment difference for S_{++} using Method A}
| ^
checkRd: (-1) est_S_Star_Plus_MethodB.Rd:29: Lost braces; missing escapes or markup?
29 | \item{trt_diff}{Estimate of treatment difference for S_{*+} using Method B}
| ^
Flavors: r-devel-linux-x86_64-debian-clang, r-devel-linux-x86_64-debian-gcc, r-devel-linux-x86_64-fedora-clang, r-devel-linux-x86_64-fedora-gcc, r-devel-windows-x86_64