CRAN Package Check Results for Package adamethods

Last updated on 2021-09-26 08:50:03 CEST.

Flavor Version Tinstall Tcheck Ttotal Status Flags
r-devel-linux-x86_64-debian-clang 1.2.1 16.36 142.50 158.86 NOTE
r-devel-linux-x86_64-debian-gcc 1.2.1 15.61 105.56 121.17 NOTE
r-devel-linux-x86_64-fedora-clang 1.2.1 195.64 NOTE
r-devel-linux-x86_64-fedora-gcc 1.2.1 182.89 NOTE
r-devel-windows-x86_64 1.2.1 20.00 127.00 147.00 NOTE
r-devel-windows-x86_64-gcc10-UCRT 1.2.1 NOTE
r-patched-linux-x86_64 1.2.1 18.00 132.12 150.12 NOTE
r-patched-solaris-x86 1.2.1 250.40 NOTE
r-release-linux-x86_64 1.2.1 18.03 131.97 150.00 NOTE
r-release-macos-arm64 1.2.1 NOTE
r-release-macos-x86_64 1.2.1 NOTE
r-release-windows-ix86+x86_64 1.2.1 40.00 166.00 206.00 NOTE
r-oldrel-macos-x86_64 1.2.1 OK
r-oldrel-windows-ix86+x86_64 1.2.1 28.00 131.00 159.00 OK

Check Details

Version: 1.2.1
Check: LazyData
Result: NOTE
     'LazyData' is specified without a 'data' directory
Flavors: r-devel-linux-x86_64-debian-clang, r-devel-linux-x86_64-debian-gcc, r-devel-linux-x86_64-fedora-clang, r-devel-linux-x86_64-fedora-gcc, r-devel-windows-x86_64, r-devel-windows-x86_64-gcc10-UCRT, r-patched-linux-x86_64, r-patched-solaris-x86, r-release-linux-x86_64, r-release-macos-arm64, r-release-macos-x86_64, r-release-windows-ix86+x86_64