Last updated on 2024-04-23 08:57:37 CEST.
Flavor | Version | Tinstall | Tcheck | Ttotal | Status | Flags |
---|---|---|---|---|---|---|
r-devel-linux-x86_64-debian-clang | 1.1-4.1 | 2.26 | 33.67 | 35.93 | NOTE | |
r-devel-linux-x86_64-debian-gcc | 1.1-4.1 | 1.90 | 24.72 | 26.62 | NOTE | |
r-devel-linux-x86_64-fedora-clang | 1.1-4.1 | 45.10 | NOTE | |||
r-devel-linux-x86_64-fedora-gcc | 1.1-4.1 | 68.40 | NOTE | |||
r-prerel-macos-arm64 | 1.1-4.1 | 24.00 | NOTE | |||
r-prerel-windows-x86_64 | 1.1-4.1 | 4.00 | 48.00 | 52.00 | NOTE | |
r-patched-linux-x86_64 | 1.1-4.1 | 2.12 | 32.16 | 34.28 | NOTE | |
r-release-linux-x86_64 | 1.1-4.1 | 2.38 | 29.32 | 31.70 | OK | |
r-release-macos-arm64 | 1.1-4.1 | 26.00 | OK | |||
r-release-macos-x86_64 | 1.1-4.1 | 40.00 | OK | |||
r-release-windows-x86_64 | 1.1-4.1 | 3.00 | 47.00 | 50.00 | OK | |
r-oldrel-macos-arm64 | 1.1-4.1 | 22.00 | OK | |||
r-oldrel-windows-x86_64 | 1.1-4.1 | 4.00 | 51.00 | 55.00 | OK |
Version: 1.1-4.1
Check: Rd \usage sections
Result: NOTE
Documented arguments not in \usage in Rd file 'print.aTest.Rd':
‘how’
Functions with \usage entries need to have the appropriate \alias
entries, and all their arguments documented.
The \usage entries must correspond to syntactically valid R code.
See chapter ‘Writing R documentation files’ in the ‘Writing R
Extensions’ manual.
Flavors: r-devel-linux-x86_64-debian-clang, r-devel-linux-x86_64-debian-gcc, r-devel-linux-x86_64-fedora-clang, r-devel-linux-x86_64-fedora-gcc, r-prerel-macos-arm64, r-prerel-windows-x86_64, r-patched-linux-x86_64