Last updated on 2024-03-12 07:49:46 CET.
Flavor | Version | Tinstall | Tcheck | Ttotal | Status | Flags |
---|---|---|---|---|---|---|
r-devel-linux-x86_64-debian-clang | 0.3.16 | 10.55 | 62.14 | 72.69 | NOTE | |
r-devel-linux-x86_64-debian-gcc | 0.3.16 | 5.94 | 48.95 | 54.89 | NOTE | |
r-devel-linux-x86_64-fedora-clang | 0.3.16 | 91.17 | NOTE | |||
r-devel-linux-x86_64-fedora-gcc | 0.3.16 | 101.43 | NOTE | |||
r-devel-windows-x86_64 | 0.3.16 | 10.00 | 88.00 | 98.00 | NOTE | |
r-patched-linux-x86_64 | 0.3.16 | 9.77 | 61.51 | 71.28 | OK | |
r-release-linux-x86_64 | 0.3.16 | 7.57 | 61.44 | 69.01 | OK | |
r-release-macos-arm64 | 0.3.16 | 44.00 | OK | |||
r-release-macos-x86_64 | 0.3.16 | 68.00 | OK | |||
r-release-windows-x86_64 | 0.3.16 | 12.00 | 89.00 | 101.00 | OK | |
r-oldrel-macos-arm64 | 0.3.16 | 39.00 | OK | |||
r-oldrel-windows-x86_64 | 0.3.16 | 13.00 | 100.00 | 113.00 | OK |
Version: 0.3.16
Check: Rd files
Result: NOTE
checkRd: (-1) adeoptions.Rd:21-23: Lost braces
21 | \code{epsilon}{ the smallest significant distance between two points
| ^
checkRd: (-1) adeoptions.Rd:25-27: Lost braces
25 | \code{shortprint}{ logical. Defines whether special \code{show}
| ^
Flavors: r-devel-linux-x86_64-debian-clang, r-devel-linux-x86_64-debian-gcc, r-devel-linux-x86_64-fedora-clang, r-devel-linux-x86_64-fedora-gcc, r-devel-windows-x86_64