Last updated on 2024-03-12 07:49:46 CET.
Flavor | Version | Tinstall | Tcheck | Ttotal | Status | Flags |
---|---|---|---|---|---|---|
r-devel-linux-x86_64-debian-clang | 0.6.9 | 51.48 | 200.20 | 251.68 | OK | |
r-devel-linux-x86_64-debian-gcc | 0.6.9 | 37.56 | 154.72 | 192.28 | OK | |
r-devel-linux-x86_64-fedora-clang | 0.6.9 | 333.05 | OK | |||
r-devel-linux-x86_64-fedora-gcc | 0.6.9 | 335.36 | OK | |||
r-devel-windows-x86_64 | 0.6.9 | 40.00 | 188.00 | 228.00 | OK | |
r-patched-linux-x86_64 | 0.6.9 | 31.00 | 203.16 | 234.16 | OK | |
r-release-linux-x86_64 | 0.6.9 | 34.21 | 200.46 | 234.67 | OK | |
r-release-macos-arm64 | 0.6.9 | 80.00 | NOTE | |||
r-release-macos-x86_64 | 0.6.9 | 166.00 | NOTE | |||
r-release-windows-x86_64 | 0.6.9 | 52.00 | 233.00 | 285.00 | OK | |
r-oldrel-macos-arm64 | 0.6.9 | 77.00 | NOTE | |||
r-oldrel-windows-x86_64 | 0.6.9 | 48.00 | 217.00 | 265.00 | OK |
Version: 0.6.9
Check: package dependencies
Result: NOTE
Packages suggested but not available for checking: 'HiTC', 'snpStats'
Flavor: r-release-macos-arm64
Version: 0.6.9
Check: Rd cross-references
Result: NOTE
Package unavailable to check Rd xrefs: ‘snpStats’
Flavor: r-release-macos-arm64
Version: 0.6.9
Check: package dependencies
Result: NOTE
Package suggested but not available for checking: ‘HiTC’
Flavors: r-release-macos-x86_64, r-oldrel-macos-arm64