Last updated on 2024-04-25 07:59:45 CEST.
Flavor | Version | Tinstall | Tcheck | Ttotal | Status | Flags |
---|---|---|---|---|---|---|
r-devel-linux-x86_64-debian-clang | 1.0.2 | 19.77 | 420.32 | 440.09 | OK | |
r-devel-linux-x86_64-debian-gcc | 1.0.2 | 14.82 | 302.08 | 316.90 | OK | |
r-devel-linux-x86_64-fedora-clang | 1.0.2 | 530.05 | NOTE | |||
r-devel-linux-x86_64-fedora-gcc | 1.0.2 | 553.48 | NOTE | |||
r-devel-windows-x86_64 | 1.0.2 | 22.00 | 335.00 | 357.00 | OK | |
r-patched-linux-x86_64 | 1.0.2 | 25.63 | 399.57 | 425.20 | OK | |
r-release-linux-x86_64 | 1.0.2 | 13.04 | 395.18 | 408.22 | OK | |
r-release-macos-arm64 | 1.0.2 | 150.00 | OK | |||
r-release-macos-x86_64 | 1.0.2 | 380.00 | OK | |||
r-release-windows-x86_64 | 1.0.2 | 19.00 | 334.00 | 353.00 | OK | |
r-oldrel-macos-arm64 | 1.0.2 | 158.00 | OK | |||
r-oldrel-macos-x86_64 | 1.0.2 | 348.00 | OK | |||
r-oldrel-windows-x86_64 | 1.0.2 | 24.00 | 438.00 | 462.00 | OK |
Version: 1.0.2
Check: data for non-ASCII characters
Result: NOTE
Note: found 12 marked UTF-8 strings
Flavors: r-devel-linux-x86_64-fedora-clang, r-devel-linux-x86_64-fedora-gcc