Last updated on 2024-03-12 07:49:47 CET.
Flavor | Version | Tinstall | Tcheck | Ttotal | Status | Flags |
---|---|---|---|---|---|---|
r-devel-linux-x86_64-debian-clang | 1.1.2 | 27.21 | 170.85 | 198.06 | NOTE | |
r-devel-linux-x86_64-debian-gcc | 1.1.2 | 24.88 | 127.07 | 151.95 | NOTE | |
r-devel-linux-x86_64-fedora-clang | 1.1.2 | 253.95 | NOTE | |||
r-devel-linux-x86_64-fedora-gcc | 1.1.2 | 248.02 | NOTE | |||
r-devel-windows-x86_64 | 1.1.2 | 17.00 | 126.00 | 143.00 | NOTE | |
r-patched-linux-x86_64 | 1.1.2 | 18.72 | 169.38 | 188.10 | NOTE | |
r-release-linux-x86_64 | 1.1.2 | 20.03 | 167.23 | 187.26 | NOTE | |
r-release-macos-arm64 | 1.1.2 | 54.00 | NOTE | |||
r-release-macos-x86_64 | 1.1.2 | 84.00 | NOTE | |||
r-release-windows-x86_64 | 1.1.2 | 22.00 | 150.00 | 172.00 | NOTE | |
r-oldrel-macos-arm64 | 1.1.2 | 45.00 | NOTE | |||
r-oldrel-windows-x86_64 | 1.1.2 | 23.00 | 151.00 | 174.00 | NOTE |
Version: 1.1.2
Check: LazyData
Result: NOTE
'LazyData' is specified without a 'data' directory
Flavors: r-devel-linux-x86_64-debian-clang, r-devel-linux-x86_64-debian-gcc, r-devel-linux-x86_64-fedora-clang, r-devel-linux-x86_64-fedora-gcc, r-devel-windows-x86_64, r-patched-linux-x86_64, r-release-linux-x86_64, r-release-macos-arm64, r-release-macos-x86_64, r-release-windows-x86_64, r-oldrel-macos-arm64, r-oldrel-windows-x86_64