Last updated on 2024-04-18 08:54:21 CEST.
Flavor | Version | Tinstall | Tcheck | Ttotal | Status | Flags |
---|---|---|---|---|---|---|
r-devel-linux-x86_64-debian-clang | 1.1.1 | 5.56 | 81.90 | 87.46 | NOTE | |
r-devel-linux-x86_64-debian-gcc | 1.1.1 | 4.85 | 61.22 | 66.07 | NOTE | |
r-devel-linux-x86_64-fedora-clang | 1.1.1 | 111.84 | NOTE | |||
r-devel-linux-x86_64-fedora-gcc | 1.1.1 | 128.31 | NOTE | |||
r-prerel-macos-arm64 | 1.1.1 | 40.00 | NOTE | |||
r-prerel-windows-x86_64 | 1.1.1 | 6.00 | 97.00 | 103.00 | NOTE | |
r-patched-linux-x86_64 | 1.1.1 | 5.88 | 78.13 | 84.01 | NOTE | |
r-release-linux-x86_64 | 1.1.1 | 5.46 | 76.53 | 81.99 | NOTE | |
r-release-macos-arm64 | 1.1.1 | 41.00 | NOTE | |||
r-release-macos-x86_64 | 1.1.1 | 63.00 | NOTE | |||
r-release-windows-x86_64 | 1.1.1 | 8.00 | 90.00 | 98.00 | NOTE | |
r-oldrel-macos-arm64 | 1.1.1 | 34.00 | OK | |||
r-oldrel-windows-x86_64 | 1.1.1 | 8.00 | 92.00 | 100.00 | OK |
Version: 1.1.1
Check: package subdirectories
Result: NOTE
Problems with news in ‘NEWS.md’:
No news entries found.
Flavors: r-devel-linux-x86_64-debian-clang, r-devel-linux-x86_64-debian-gcc, r-devel-linux-x86_64-fedora-clang, r-devel-linux-x86_64-fedora-gcc, r-prerel-macos-arm64, r-prerel-windows-x86_64, r-patched-linux-x86_64, r-release-linux-x86_64, r-release-macos-arm64, r-release-macos-x86_64, r-release-windows-x86_64