Last updated on 2024-03-12 07:49:47 CET.
Flavor | Version | Tinstall | Tcheck | Ttotal | Status | Flags |
---|---|---|---|---|---|---|
r-devel-linux-x86_64-debian-clang | 1.3-1 | 20.22 | 414.44 | 434.66 | OK | |
r-devel-linux-x86_64-debian-gcc | 1.3-1 | 14.00 | 314.99 | 328.99 | OK | |
r-devel-linux-x86_64-fedora-clang | 1.3-1 | 531.69 | OK | |||
r-devel-linux-x86_64-fedora-gcc | 1.3-1 | 565.14 | OK | |||
r-devel-windows-x86_64 | 1.3-1 | 17.00 | 338.00 | 355.00 | OK | |
r-patched-linux-x86_64 | 1.3-1 | 23.32 | 357.51 | 380.83 | NOTE | |
r-release-linux-x86_64 | 1.3-1 | 14.12 | 390.23 | 404.35 | NOTE | |
r-release-macos-arm64 | 1.3-1 | 144.00 | OK | |||
r-release-macos-x86_64 | 1.3-1 | 336.00 | OK | |||
r-release-windows-x86_64 | 1.3-1 | 20.00 | 432.00 | 452.00 | OK | |
r-oldrel-macos-arm64 | 1.3-1 | 138.00 | OK | |||
r-oldrel-windows-x86_64 | 1.3-1 | 22.00 | 435.00 | 457.00 | OK |
Version: 1.3-1
Check: package dependencies
Result: NOTE
Package suggested but not available for checking: ‘rstanarm’
Flavors: r-patched-linux-x86_64, r-release-linux-x86_64