CRAN Package Check Results for Package aghq

Last updated on 2024-04-22 08:51:16 CEST.

Flavor Version Tinstall Tcheck Ttotal Status Flags
r-devel-linux-x86_64-debian-clang 0.4.1 8.64 138.28 146.92 NOTE
r-devel-linux-x86_64-debian-gcc 0.4.1 6.80 98.66 105.46 NOTE
r-devel-linux-x86_64-fedora-clang 0.4.1 181.99 NOTE
r-devel-linux-x86_64-fedora-gcc 0.4.1 186.89 NOTE
r-prerel-macos-arm64 0.4.1 51.00 NOTE
r-prerel-windows-x86_64 0.4.1 9.00 124.00 133.00 NOTE
r-patched-linux-x86_64 0.4.1 10.69 129.23 139.92 NOTE
r-release-linux-x86_64 0.4.1 8.92 135.16 144.08 OK
r-release-macos-arm64 0.4.1 49.00 OK
r-release-macos-x86_64 0.4.1 97.00 OK
r-release-windows-x86_64 0.4.1 12.00 148.00 160.00 OK
r-oldrel-macos-arm64 0.4.1 52.00 OK
r-oldrel-windows-x86_64 0.4.1 12.00 146.00 158.00 OK

Check Details

Version: 0.4.1
Check: Rd files
Result: NOTE checkRd: (-1) aghq.Rd:21-22: Lost braces in \itemize; meant \describe ? checkRd: (-1) aghq.Rd:23-24: Lost braces in \itemize; meant \describe ? checkRd: (-1) aghq.Rd:25-26: Lost braces in \itemize; meant \describe ? checkRd: (-1) aghq.Rd:61-69: Lost braces in \itemize; meant \describe ? checkRd: (-1) aghq.Rd:63: Lost braces in \itemize; meant \describe ? checkRd: (-1) aghq.Rd:64: Lost braces in \itemize; meant \describe ? checkRd: (-1) aghq.Rd:65: Lost braces in \itemize; meant \describe ? checkRd: (-1) aghq.Rd:66: Lost braces in \itemize; meant \describe ? checkRd: (-1) aghq.Rd:70-71: Lost braces in \itemize; meant \describe ? checkRd: (-1) aghq.Rd:79-85: Lost braces in \itemize; \value handles \item{}{} directly checkRd: (-1) aghq.Rd:82: Lost braces in \itemize; \value handles \item{}{} directly checkRd: (-1) aghq.Rd:83: Lost braces in \itemize; \value handles \item{}{} directly checkRd: (-1) aghq.Rd:84: Lost braces in \itemize; \value handles \item{}{} directly checkRd: (-1) aghq.Rd:86-91: Lost braces in \itemize; \value handles \item{}{} directly checkRd: (-1) aghq.Rd:92-100: Lost braces in \itemize; \value handles \item{}{} directly checkRd: (-1) aghq.Rd:95: Lost braces in \itemize; \value handles \item{}{} directly checkRd: (-1) aghq.Rd:96: Lost braces in \itemize; \value handles \item{}{} directly checkRd: (-1) aghq.Rd:97: Lost braces in \itemize; \value handles \item{}{} directly checkRd: (-1) aghq.Rd:98: Lost braces in \itemize; \value handles \item{}{} directly checkRd: (-1) aghq.Rd:101: Lost braces in \itemize; \value handles \item{}{} directly checkRd: (-1) default_control.Rd:23-31: Lost braces in \itemize; meant \describe ? checkRd: (-1) default_control.Rd:25: Lost braces in \itemize; meant \describe ? checkRd: (-1) default_control.Rd:26: Lost braces in \itemize; meant \describe ? checkRd: (-1) default_control.Rd:27: Lost braces in \itemize; meant \describe ? checkRd: (-1) default_control.Rd:28: Lost braces in \itemize; meant \describe ? checkRd: (-1) default_control_marglaplace.Rd:23-30: Lost braces in \itemize; meant \describe ? checkRd: (-1) default_control_marglaplace.Rd:25: Lost braces in \itemize; meant \describe ? checkRd: (-1) default_control_marglaplace.Rd:26: Lost braces in \itemize; meant \describe ? checkRd: (-1) default_control_marglaplace.Rd:27: Lost braces in \itemize; meant \describe ? checkRd: (-1) default_control_marglaplace.Rd:28: Lost braces in \itemize; meant \describe ? checkRd: (-1) default_control_marglaplace.Rd:31-33: Lost braces in \itemize; meant \describe ? checkRd: (-1) default_control_tmb.Rd:23-30: Lost braces in \itemize; meant \describe ? checkRd: (-1) default_control_tmb.Rd:25: Lost braces in \itemize; meant \describe ? checkRd: (-1) default_control_tmb.Rd:26: Lost braces in \itemize; meant \describe ? checkRd: (-1) default_control_tmb.Rd:27: Lost braces in \itemize; meant \describe ? checkRd: (-1) default_control_tmb.Rd:28: Lost braces in \itemize; meant \describe ? checkRd: (-1) default_control_tmb.Rd:31-33: Lost braces 31 | \item \code{negate}: {default \code{TRUE}. Assumes that your \code{TMB} function | ^ checkRd: (-1) laplace_approximation.Rd:18-19: Lost braces in \itemize; meant \describe ? checkRd: (-1) laplace_approximation.Rd:20-21: Lost braces in \itemize; meant \describe ? checkRd: (-1) laplace_approximation.Rd:22-23: Lost braces in \itemize; meant \describe ? checkRd: (-1) laplace_approximation.Rd:42-50: Lost braces in \itemize; meant \describe ? checkRd: (-1) laplace_approximation.Rd:44: Lost braces in \itemize; meant \describe ? checkRd: (-1) laplace_approximation.Rd:45: Lost braces in \itemize; meant \describe ? checkRd: (-1) laplace_approximation.Rd:46: Lost braces in \itemize; meant \describe ? checkRd: (-1) laplace_approximation.Rd:47: Lost braces in \itemize; meant \describe ? checkRd: (-1) laplace_approximation.Rd:51-52: Lost braces in \itemize; meant \describe ? checkRd: (-1) marginal_laplace.Rd:22-23: Lost braces in \itemize; meant \describe ? checkRd: (-1) marginal_laplace.Rd:24-25: Lost braces in \itemize; meant \describe ? checkRd: (-1) marginal_laplace.Rd:26-27: Lost braces in \itemize; meant \describe ? checkRd: (-1) marginal_laplace.Rd:53-59: Lost braces in \itemize; meant \describe ? checkRd: (-1) marginal_laplace.Rd:55: Lost braces in \itemize; meant \describe ? checkRd: (-1) marginal_laplace.Rd:56: Lost braces in \itemize; meant \describe ? checkRd: (-1) marginal_laplace.Rd:57: Lost braces in \itemize; meant \describe ? checkRd: (-1) marginal_laplace.Rd:60-61: Lost braces in \itemize; meant \describe ? checkRd: (-1) marginal_laplace_tmb.Rd:58-64: Lost braces in \itemize; meant \describe ? checkRd: (-1) marginal_laplace_tmb.Rd:60: Lost braces in \itemize; meant \describe ? checkRd: (-1) marginal_laplace_tmb.Rd:61: Lost braces in \itemize; meant \describe ? checkRd: (-1) marginal_laplace_tmb.Rd:62: Lost braces in \itemize; meant \describe ? checkRd: (-1) marginal_laplace_tmb.Rd:65-67: Lost braces in \itemize; meant \describe ? checkRd: (-1) normalize_logpost.Rd:42: Lost braces in \itemize; \value handles \item{}{} directly checkRd: (-1) normalize_logpost.Rd:43: Lost braces in \itemize; \value handles \item{}{} directly checkRd: (-1) normalize_logpost.Rd:44: Lost braces in \itemize; \value handles \item{}{} directly checkRd: (-1) optimize_theta.Rd:12-13: Lost braces in \itemize; meant \describe ? checkRd: (-1) optimize_theta.Rd:14-15: Lost braces in \itemize; meant \describe ? checkRd: (-1) optimize_theta.Rd:16-17: Lost braces in \itemize; meant \describe ? checkRd: (-1) optimize_theta.Rd:29-37: Lost braces in \itemize; meant \describe ? checkRd: (-1) optimize_theta.Rd:31: Lost braces in \itemize; meant \describe ? checkRd: (-1) optimize_theta.Rd:32: Lost braces in \itemize; meant \describe ? checkRd: (-1) optimize_theta.Rd:33: Lost braces in \itemize; meant \describe ? checkRd: (-1) optimize_theta.Rd:34: Lost braces in \itemize; meant \describe ? checkRd: (-1) optimize_theta.Rd:38-39: Lost braces in \itemize; meant \describe ? checkRd: (-1) optimize_theta.Rd:47: Lost braces in \itemize; \value handles \item{}{} directly checkRd: (-1) optimize_theta.Rd:48: Lost braces in \itemize; \value handles \item{}{} directly checkRd: (-1) optimize_theta.Rd:49: Lost braces in \itemize; \value handles \item{}{} directly checkRd: (-1) optimize_theta.Rd:50: Lost braces in \itemize; \value handles \item{}{} directly checkRd: (-1) sample_marginal.Rd:60-61: Lost braces in \itemize; \value handles \item{}{} directly checkRd: (-1) sample_marginal.Rd:62-63: Lost braces in \itemize; \value handles \item{}{} directly checkRd: (-1) sample_marginal.Rd:64-65: Lost braces in \itemize; \value handles \item{}{} directly checkRd: (-1) summary.aghq.Rd:18: Lost braces in \itemize; \value handles \item{}{} directly checkRd: (-1) summary.aghq.Rd:19: Lost braces in \itemize; \value handles \item{}{} directly checkRd: (-1) summary.aghq.Rd:20: Lost braces in \itemize; \value handles \item{}{} directly checkRd: (-1) summary.aghq.Rd:21: Lost braces in \itemize; \value handles \item{}{} directly checkRd: (-1) summary.aghq.Rd:22: Lost braces in \itemize; \value handles \item{}{} directly checkRd: (-1) summary.aghq.Rd:23: Lost braces in \itemize; \value handles \item{}{} directly checkRd: (-1) summary.aghq.Rd:24-26: Lost braces in \itemize; \value handles \item{}{} directly Flavors: r-devel-linux-x86_64-debian-clang, r-devel-linux-x86_64-debian-gcc, r-devel-linux-x86_64-fedora-clang, r-devel-linux-x86_64-fedora-gcc, r-prerel-macos-arm64, r-prerel-windows-x86_64, r-patched-linux-x86_64