Last updated on 2024-03-12 07:49:47 CET.
Flavor | Version | Tinstall | Tcheck | Ttotal | Status | Flags |
---|---|---|---|---|---|---|
r-devel-linux-x86_64-debian-clang | 1.20.1 | 42.13 | 78.63 | 120.76 | NOTE | |
r-devel-linux-x86_64-debian-gcc | 1.20.1 | 31.28 | 61.31 | 92.59 | NOTE | |
r-devel-linux-x86_64-fedora-clang | 1.20.1 | 160.82 | NOTE | |||
r-devel-linux-x86_64-fedora-gcc | 1.20.1 | 168.29 | NOTE | |||
r-devel-windows-x86_64 | 1.20.1 | 33.00 | 91.00 | 124.00 | NOTE | |
r-patched-linux-x86_64 | 1.20.1 | 28.95 | 77.41 | 106.36 | NOTE | |
r-release-linux-x86_64 | 1.20.1 | 32.95 | 76.89 | 109.84 | NOTE | |
r-release-macos-arm64 | 1.20.1 | 44.00 | NOTE | |||
r-release-macos-x86_64 | 1.20.1 | 69.00 | NOTE | |||
r-release-windows-x86_64 | 1.20.1 | 42.00 | 106.00 | 148.00 | NOTE | |
r-oldrel-macos-arm64 | 1.20.1 | 37.00 | OK | |||
r-oldrel-windows-x86_64 | 1.20.1 | 40.00 | 105.00 | 145.00 | OK |
Version: 1.20.1
Check: C++ specification
Result: NOTE
Specified C++11: please drop specification unless essential
Flavors: r-devel-linux-x86_64-debian-clang, r-devel-linux-x86_64-debian-gcc, r-devel-linux-x86_64-fedora-clang, r-devel-linux-x86_64-fedora-gcc, r-devel-windows-x86_64, r-patched-linux-x86_64, r-release-linux-x86_64, r-release-macos-arm64, r-release-macos-x86_64, r-release-windows-x86_64