Last updated on 2024-04-24 07:57:33 CEST.
Flavor | Version | Tinstall | Tcheck | Ttotal | Status | Flags |
---|---|---|---|---|---|---|
r-devel-linux-x86_64-debian-clang | 0.3.2 | 6.87 | 227.90 | 234.77 | OK | |
r-devel-linux-x86_64-debian-gcc | 0.3.2 | 5.54 | 190.25 | 195.79 | OK | |
r-devel-linux-x86_64-fedora-clang | 0.3.2 | 304.60 | NOTE | |||
r-devel-linux-x86_64-fedora-gcc | 0.3.2 | 337.00 | OK | |||
r-prerel-macos-arm64 | 0.3.2 | 108.00 | NOTE | |||
r-prerel-windows-x86_64 | 0.3.2 | 9.00 | 216.00 | 225.00 | NOTE | |
r-patched-linux-x86_64 | 0.3.2 | 6.33 | 230.92 | 237.25 | OK | |
r-release-linux-x86_64 | 0.3.2 | 6.85 | 235.47 | 242.32 | OK | |
r-release-macos-arm64 | 0.3.2 | 96.00 | NOTE | |||
r-release-macos-x86_64 | 0.3.2 | 186.00 | NOTE | |||
r-release-windows-x86_64 | 0.3.2 | 11.00 | 242.00 | 253.00 | NOTE | |
r-oldrel-macos-arm64 | 0.3.2 | 82.00 | NOTE | |||
r-oldrel-windows-x86_64 | 0.3.2 | 11.00 | 226.00 | 237.00 | NOTE |
Version: 0.3.2
Check: installed package size
Result: NOTE
installed size is 8.0Mb
sub-directories of 1Mb or more:
ShinyGR 4.3Mb
doc 3.5Mb
Flavors: r-devel-linux-x86_64-fedora-clang, r-prerel-macos-arm64, r-prerel-windows-x86_64, r-release-macos-arm64, r-release-macos-x86_64, r-release-windows-x86_64, r-oldrel-macos-arm64, r-oldrel-windows-x86_64