Last updated on 2024-04-18 08:54:21 CEST.
Flavor | Version | Tinstall | Tcheck | Ttotal | Status | Flags |
---|---|---|---|---|---|---|
r-devel-linux-x86_64-debian-clang | 0.1.0 | 3.46 | 43.08 | 46.54 | NOTE | |
r-devel-linux-x86_64-debian-gcc | 0.1.0 | 2.52 | 31.07 | 33.59 | NOTE | |
r-devel-linux-x86_64-fedora-clang | 0.1.0 | 56.50 | NOTE | |||
r-devel-linux-x86_64-fedora-gcc | 0.1.0 | 58.21 | NOTE | |||
r-prerel-macos-arm64 | 0.1.0 | 22.00 | NOTE | |||
r-prerel-windows-x86_64 | 0.1.0 | 5.00 | 51.00 | 56.00 | NOTE | |
r-patched-linux-x86_64 | 0.1.0 | 3.71 | 41.48 | 45.19 | NOTE | |
r-release-linux-x86_64 | 0.1.0 | 3.65 | 40.22 | 43.87 | OK | |
r-release-macos-arm64 | 0.1.0 | 22.00 | OK | |||
r-release-macos-x86_64 | 0.1.0 | 31.00 | OK | |||
r-release-windows-x86_64 | 0.1.0 | 6.00 | 54.00 | 60.00 | OK | |
r-oldrel-macos-arm64 | 0.1.0 | 26.00 | OK | |||
r-oldrel-windows-x86_64 | 0.1.0 | 5.00 | 60.00 | 65.00 | OK |
Version: 0.1.0
Check: Rd files
Result: NOTE
checkRd: (-1) get_airnow_area.Rd:25: Lost braces; missing escapes or markup?
25 | \item{parameters}{Parameter(s) to return data for. Choices are PM_{2.5}
| ^
Flavors: r-devel-linux-x86_64-debian-clang, r-devel-linux-x86_64-debian-gcc, r-devel-linux-x86_64-fedora-clang, r-devel-linux-x86_64-fedora-gcc, r-prerel-macos-arm64, r-prerel-windows-x86_64, r-patched-linux-x86_64