Last updated on 2021-03-06 07:53:12 CET.
Flavor | Version | Tinstall | Tcheck | Ttotal | Status | Flags |
---|---|---|---|---|---|---|
r-devel-linux-x86_64-debian-clang | 1.1.0 | 58.65 | 561.85 | 620.50 | OK | |
r-devel-linux-x86_64-debian-gcc | 1.1.0 | 48.17 | 418.49 | 466.66 | OK | |
r-devel-linux-x86_64-fedora-clang | 1.1.0 | 771.53 | OK | |||
r-devel-linux-x86_64-fedora-gcc | 1.1.0 | 794.08 | OK | |||
r-devel-windows-ix86+x86_64 | 1.1.0 | 132.00 | 886.00 | 1018.00 | OK | |
r-devel-windows-x86_64-gcc10-UCRT | 1.1.0 | ERROR | ||||
r-patched-linux-x86_64 | 1.1.0 | OK | ||||
r-patched-solaris-x86 | 1.1.0 | 969.50 | OK | |||
r-release-linux-x86_64 | 1.1.0 | 56.86 | 526.81 | 583.67 | OK | |
r-release-macos-x86_64 | 1.1.0 | OK | ||||
r-release-windows-ix86+x86_64 | 1.1.0 | 101.00 | 704.00 | 805.00 | OK | |
r-oldrel-macos-x86_64 | 1.1.0 | ERROR | ||||
r-oldrel-windows-ix86+x86_64 | 1.1.0 | 88.00 | 642.00 | 730.00 | OK |
Version: 1.1.0
Check: package dependencies
Result: ERROR
Package required but not available: 'GenomicAlignments'
See section 'The DESCRIPTION file' in the 'Writing R Extensions'
manual.
Flavor: r-devel-windows-x86_64-gcc10-UCRT
Version: 1.1.0
Check: whether package can be installed
Result: ERROR
Installation failed.
Flavor: r-oldrel-macos-x86_64