Last updated on 2024-03-12 07:49:47 CET.
Flavor | Version | Tinstall | Tcheck | Ttotal | Status | Flags |
---|---|---|---|---|---|---|
r-devel-linux-x86_64-debian-clang | 1.3.0 | 63.93 | 666.82 | 730.75 | NOTE | |
r-devel-linux-x86_64-debian-gcc | 1.3.0 | 59.91 | 511.90 | 571.81 | NOTE | |
r-devel-linux-x86_64-fedora-clang | 1.3.0 | 946.35 | NOTE | |||
r-devel-linux-x86_64-fedora-gcc | 1.3.0 | 943.47 | NOTE | |||
r-devel-windows-x86_64 | 1.3.0 | 62.00 | 639.00 | 701.00 | NOTE | |
r-patched-linux-x86_64 | 1.3.0 | 61.29 | 636.11 | 697.40 | OK | |
r-release-linux-x86_64 | 1.3.0 | 58.74 | 658.66 | 717.40 | OK | |
r-release-macos-arm64 | 1.3.0 | 235.00 | OK | |||
r-release-macos-x86_64 | 1.3.0 | 560.00 | OK | |||
r-release-windows-x86_64 | 1.3.0 | 85.00 | 768.00 | 853.00 | OK | |
r-oldrel-macos-arm64 | 1.3.0 | 204.00 | OK | |||
r-oldrel-windows-x86_64 | 1.3.0 | 77.00 | 683.00 | 760.00 | OK |
Version: 1.3.0
Check: Rd files
Result: NOTE
checkRd: (-1) buildPhylipLineage.Rd:61: Lost braces; missing escapes or markup?
61 | names with the format {"Inferred1", "Inferred2", ...}.
| ^
Flavors: r-devel-linux-x86_64-debian-clang, r-devel-linux-x86_64-debian-gcc, r-devel-linux-x86_64-fedora-clang, r-devel-linux-x86_64-fedora-gcc, r-devel-windows-x86_64