Last updated on 2024-04-24 07:57:33 CEST.
Flavor | Version | Tinstall | Tcheck | Ttotal | Status | Flags |
---|---|---|---|---|---|---|
r-devel-linux-x86_64-debian-clang | 1.1 | 31.89 | 35.44 | 67.33 | NOTE | |
r-devel-linux-x86_64-debian-gcc | 1.1 | 25.19 | 26.84 | 52.03 | NOTE | |
r-devel-linux-x86_64-fedora-clang | 1.1 | 95.18 | NOTE | |||
r-devel-linux-x86_64-fedora-gcc | 1.1 | 93.18 | NOTE | |||
r-prerel-macos-arm64 | 1.1 | 25.00 | NOTE | |||
r-prerel-windows-x86_64 | 1.1 | 27.00 | 71.00 | 98.00 | NOTE | |
r-patched-linux-x86_64 | 1.1 | 32.21 | 33.47 | 65.68 | NOTE | |
r-release-linux-x86_64 | 1.1 | 28.15 | 34.11 | 62.26 | NOTE | |
r-release-macos-arm64 | 1.1 | 27.00 | NOTE | |||
r-release-macos-x86_64 | 1.1 | 44.00 | NOTE | |||
r-release-windows-x86_64 | 1.1 | 34.00 | 73.00 | 107.00 | NOTE | |
r-oldrel-macos-arm64 | 1.1 | 29.00 | OK | |||
r-oldrel-windows-x86_64 | 1.1 | 31.00 | 72.00 | 103.00 | OK |
Version: 1.1
Check: C++ specification
Result: NOTE
Specified C++11: please drop specification unless essential
Flavors: r-devel-linux-x86_64-debian-clang, r-devel-linux-x86_64-debian-gcc, r-devel-linux-x86_64-fedora-clang, r-devel-linux-x86_64-fedora-gcc, r-prerel-macos-arm64, r-prerel-windows-x86_64, r-patched-linux-x86_64, r-release-linux-x86_64, r-release-macos-arm64, r-release-macos-x86_64, r-release-windows-x86_64