CRAN Package Check Results for Package altair

Last updated on 2021-05-14 09:50:41 CEST.

Flavor Version Tinstall Tcheck Ttotal Status Flags
r-devel-linux-x86_64-debian-clang 4.1.1 6.76 75.21 81.97 NOTE
r-devel-linux-x86_64-debian-gcc 4.1.1 5.59 57.29 62.88 NOTE
r-devel-linux-x86_64-fedora-clang 4.1.1 107.40 NOTE
r-devel-linux-x86_64-fedora-gcc 4.1.1 99.29 NOTE
r-devel-windows-ix86+x86_64 4.1.1 17.00 93.00 110.00 NOTE
r-devel-windows-x86_64-gcc10-UCRT 4.1.1 NOTE
r-patched-linux-x86_64 4.1.1 6.53 70.21 76.74 NOTE
r-patched-solaris-x86 4.1.1 143.30 NOTE
r-release-linux-x86_64 4.1.1 5.62 68.96 74.58 OK
r-release-macos-x86_64 4.1.1 OK
r-release-windows-ix86+x86_64 4.1.1 13.00 83.00 96.00 OK
r-oldrel-macos-x86_64 4.1.1 ERROR
r-oldrel-windows-ix86+x86_64 4.1.1 15.00 89.00 104.00 OK

Check Details

Version: 4.1.1
Check: LazyData
Result: NOTE
     'LazyData' is specified without a 'data' directory
Flavors: r-devel-linux-x86_64-debian-clang, r-devel-linux-x86_64-debian-gcc, r-devel-linux-x86_64-fedora-clang, r-devel-linux-x86_64-fedora-gcc, r-devel-windows-ix86+x86_64, r-devel-windows-x86_64-gcc10-UCRT, r-patched-linux-x86_64, r-patched-solaris-x86

Version: 4.1.1
Check: package dependencies
Result: NOTE
    Package suggested but not available for checking: ‘rsvg’
Flavor: r-patched-solaris-x86

Version: 4.1.1
Check: package dependencies
Result: ERROR
    Package required and available but unsuitable version: ‘vegawidget’
    
    See section ‘The DESCRIPTION file’ in the ‘Writing R Extensions’
    manual.
Flavor: r-oldrel-macos-x86_64