Last updated on 2024-04-23 08:57:37 CEST.
Flavor | Version | Tinstall | Tcheck | Ttotal | Status | Flags |
---|---|---|---|---|---|---|
r-devel-linux-x86_64-debian-clang | 0.3.0 | 4.56 | 109.71 | 114.27 | OK | |
r-devel-linux-x86_64-debian-gcc | 0.3.0 | 3.30 | 81.20 | 84.50 | OK | |
r-devel-linux-x86_64-fedora-clang | 0.3.0 | 168.90 | OK | |||
r-devel-linux-x86_64-fedora-gcc | 0.3.0 | 177.48 | OK | |||
r-prerel-macos-arm64 | 0.3.0 | 34.00 | ERROR | |||
r-prerel-macos-x86_64 | 0.3.0 | 133.00 | ERROR | |||
r-prerel-windows-x86_64 | 0.3.0 | 5.00 | 119.00 | 124.00 | OK | |
r-patched-linux-x86_64 | 0.3.0 | 4.53 | 107.80 | 112.33 | OK | |
r-release-linux-x86_64 | 0.3.0 | 4.66 | 104.83 | 109.49 | OK | |
r-release-macos-arm64 | 0.3.0 | 42.00 | ERROR | |||
r-release-macos-x86_64 | 0.3.0 | 76.00 | ERROR | |||
r-release-windows-x86_64 | 0.3.0 | 6.00 | 136.00 | 142.00 | OK | |
r-oldrel-macos-arm64 | 0.3.0 | 40.00 | ERROR | |||
r-oldrel-windows-x86_64 | 0.3.0 | 7.00 | 164.00 | 171.00 | OK |
Version: 0.3.0
Check: tests
Result: ERROR
Running ‘spelling.R’ [0s/0s]
Running ‘testthat.R’ [8s/8s]
Running the tests in ‘tests/testthat.R’ failed.
Last 13 lines of output:
▆
1. └─altdoc::render_docs(path = getwd()) at test-update.R:111:5
2. └─cli::cli_abort("There were some failures when rendering vignettes.")
3. └─rlang::abort(...)
── Error ('test-update.R:111:5'): render_docs also transform new/modified vignettes if specified: docsify ──
Error in `render_docs(path = getwd())`: There were some failures when rendering vignettes.
Backtrace:
▆
1. └─altdoc::render_docs(path = getwd()) at test-update.R:111:5
2. └─cli::cli_abort("There were some failures when rendering vignettes.")
3. └─rlang::abort(...)
[ FAIL 5 | WARN 0 | SKIP 7 | PASS 56 ]
Error: Test failures
Execution halted
Flavor: r-prerel-macos-arm64
Version: 0.3.0
Check: tests
Result: ERROR
Running ‘spelling.R’ [0s/0s]
Running ‘testthat.R’ [20s/45s]
Running the tests in ‘tests/testthat.R’ failed.
Last 13 lines of output:
▆
1. └─altdoc::render_docs(path = getwd()) at test-update.R:111:5
2. └─cli::cli_abort("There were some failures when rendering vignettes.")
3. └─rlang::abort(...)
── Error ('test-update.R:111:5'): render_docs also transform new/modified vignettes if specified: docsify ──
Error in `render_docs(path = getwd())`: There were some failures when rendering vignettes.
Backtrace:
▆
1. └─altdoc::render_docs(path = getwd()) at test-update.R:111:5
2. └─cli::cli_abort("There were some failures when rendering vignettes.")
3. └─rlang::abort(...)
[ FAIL 5 | WARN 0 | SKIP 7 | PASS 56 ]
Error: Test failures
Execution halted
Flavor: r-prerel-macos-x86_64
Version: 0.3.0
Check: tests
Result: ERROR
Running ‘spelling.R’ [0s/0s]
Running ‘testthat.R’ [8s/10s]
Running the tests in ‘tests/testthat.R’ failed.
Last 13 lines of output:
▆
1. └─altdoc::render_docs(path = getwd()) at test-update.R:111:5
2. └─cli::cli_abort("There were some failures when rendering vignettes.")
3. └─rlang::abort(...)
── Error ('test-update.R:111:5'): render_docs also transform new/modified vignettes if specified: docsify ──
Error in `render_docs(path = getwd())`: There were some failures when rendering vignettes.
Backtrace:
▆
1. └─altdoc::render_docs(path = getwd()) at test-update.R:111:5
2. └─cli::cli_abort("There were some failures when rendering vignettes.")
3. └─rlang::abort(...)
[ FAIL 5 | WARN 0 | SKIP 7 | PASS 56 ]
Error: Test failures
Execution halted
Flavor: r-release-macos-arm64
Version: 0.3.0
Check: tests
Result: ERROR
Running ‘spelling.R’ [0s/0s]
Running ‘testthat.R’ [14s/25s]
Running the tests in ‘tests/testthat.R’ failed.
Last 13 lines of output:
▆
1. └─altdoc::render_docs(path = getwd()) at test-update.R:111:5
2. └─cli::cli_abort("There were some failures when rendering vignettes.")
3. └─rlang::abort(...)
── Error ('test-update.R:111:5'): render_docs also transform new/modified vignettes if specified: docsify ──
Error in `render_docs(path = getwd())`: There were some failures when rendering vignettes.
Backtrace:
▆
1. └─altdoc::render_docs(path = getwd()) at test-update.R:111:5
2. └─cli::cli_abort("There were some failures when rendering vignettes.")
3. └─rlang::abort(...)
[ FAIL 5 | WARN 0 | SKIP 7 | PASS 56 ]
Error: Test failures
Execution halted
Flavor: r-release-macos-x86_64
Version: 0.3.0
Check: tests
Result: ERROR
Running ‘spelling.R’ [0s/0s]
Running ‘testthat.R’ [9s/11s]
Running the tests in ‘tests/testthat.R’ failed.
Last 13 lines of output:
▆
1. └─altdoc::render_docs(path = getwd()) at test-update.R:111:5
2. └─cli::cli_abort("There were some failures when rendering vignettes.")
3. └─rlang::abort(...)
── Error ('test-update.R:111:5'): render_docs also transform new/modified vignettes if specified: docsify ──
Error in `render_docs(path = getwd())`: There were some failures when rendering vignettes.
Backtrace:
▆
1. └─altdoc::render_docs(path = getwd()) at test-update.R:111:5
2. └─cli::cli_abort("There were some failures when rendering vignettes.")
3. └─rlang::abort(...)
[ FAIL 5 | WARN 0 | SKIP 7 | PASS 56 ]
Error: Test failures
Execution halted
Flavor: r-oldrel-macos-arm64