Last updated on 2021-04-16 08:48:17 CEST.
Flavor | Version | Tinstall | Tcheck | Ttotal | Status | Flags |
---|---|---|---|---|---|---|
r-devel-linux-x86_64-debian-clang | 1.0.3 | 14.42 | 214.88 | 229.30 | NOTE | |
r-devel-linux-x86_64-debian-gcc | 1.0.3 | 12.00 | 158.18 | 170.18 | NOTE | |
r-devel-linux-x86_64-fedora-clang | 1.0.3 | 288.75 | NOTE | |||
r-devel-linux-x86_64-fedora-gcc | 1.0.3 | 268.78 | NOTE | |||
r-devel-windows-ix86+x86_64 | 1.0.3 | 24.00 | 274.00 | 298.00 | NOTE | |
r-devel-windows-x86_64-gcc10-UCRT | 1.0.3 | NOTE | ||||
r-patched-linux-x86_64 | 1.0.3 | 12.71 | 203.58 | 216.29 | OK | |
r-patched-solaris-x86 | 1.0.3 | 329.20 | NOTE | |||
r-release-linux-x86_64 | 1.0.3 | 12.36 | 204.08 | 216.44 | OK | |
r-release-macos-x86_64 | 1.0.3 | NOTE | ||||
r-release-windows-ix86+x86_64 | 1.0.3 | 26.00 | 279.00 | 305.00 | NOTE | |
r-oldrel-macos-x86_64 | 1.0.3 | NOTE | ||||
r-oldrel-windows-ix86+x86_64 | 1.0.3 | 15.00 | 271.00 | 286.00 | NOTE |
Version: 1.0.3
Check: LazyData
Result: NOTE
'LazyData' is specified without a 'data' directory
Flavors: r-devel-linux-x86_64-debian-clang, r-devel-linux-x86_64-debian-gcc, r-devel-linux-x86_64-fedora-clang, r-devel-linux-x86_64-fedora-gcc, r-devel-windows-ix86+x86_64, r-devel-windows-x86_64-gcc10-UCRT
Version: 1.0.3
Check: installed package size
Result: NOTE
installed size is 9.7Mb
sub-directories of 1Mb or more:
extdata 8.4Mb
Flavors: r-devel-linux-x86_64-fedora-clang, r-devel-windows-ix86+x86_64, r-patched-solaris-x86, r-release-macos-x86_64, r-release-windows-ix86+x86_64, r-oldrel-macos-x86_64, r-oldrel-windows-ix86+x86_64
Version: 1.0.3
Check: dependencies in R code
Result: NOTE
Namespace in Imports field not imported from: ‘rgdal’
All declared Imports should be used.
Flavors: r-devel-linux-x86_64-fedora-clang, r-devel-linux-x86_64-fedora-gcc, r-devel-windows-x86_64-gcc10-UCRT, r-patched-solaris-x86, r-release-macos-x86_64, r-oldrel-macos-x86_64