Last updated on 2024-04-17 08:57:24 CEST.
Flavor | Version | Tinstall | Tcheck | Ttotal | Status | Flags |
---|---|---|---|---|---|---|
r-devel-linux-x86_64-debian-clang | 0.2 | 2.15 | 19.97 | 22.12 | NOTE | |
r-devel-linux-x86_64-debian-gcc | 0.2 | 1.36 | 15.97 | 17.33 | NOTE | |
r-devel-linux-x86_64-fedora-clang | 0.2 | 28.66 | NOTE | |||
r-devel-linux-x86_64-fedora-gcc | 0.2 | 28.26 | NOTE | |||
r-prerel-macos-arm64 | 0.2 | 14.00 | NOTE | |||
r-prerel-windows-x86_64 | 0.2 | 2.00 | 34.00 | 36.00 | NOTE | |
r-patched-linux-x86_64 | 0.2 | 2.07 | 19.44 | 21.51 | NOTE | |
r-release-linux-x86_64 | 0.2 | 1.86 | 19.99 | 21.85 | NOTE | |
r-release-macos-arm64 | 0.2 | 15.00 | NOTE | |||
r-release-macos-x86_64 | 0.2 | 18.00 | NOTE | |||
r-release-windows-x86_64 | 0.2 | 2.00 | 33.00 | 35.00 | NOTE | |
r-oldrel-macos-arm64 | 0.2 | 15.00 | NOTE | |||
r-oldrel-windows-x86_64 | 0.2 | 4.00 | 40.00 | 44.00 | NOTE |
Version: 0.2
Check: LazyData
Result: NOTE
'LazyData' is specified without a 'data' directory
Flavors: r-devel-linux-x86_64-debian-clang, r-devel-linux-x86_64-debian-gcc, r-devel-linux-x86_64-fedora-clang, r-devel-linux-x86_64-fedora-gcc, r-prerel-macos-arm64, r-prerel-windows-x86_64, r-patched-linux-x86_64, r-release-linux-x86_64, r-release-macos-arm64, r-release-macos-x86_64, r-release-windows-x86_64, r-oldrel-macos-arm64, r-oldrel-windows-x86_64