CRAN Package Check Results for Package ampir

Last updated on 2021-05-11 08:48:04 CEST.

Flavor Version Tinstall Tcheck Ttotal Status Flags
r-devel-linux-x86_64-debian-clang 1.0.0 34.13 146.52 180.65 NOTE
r-devel-linux-x86_64-debian-gcc 1.0.0 23.80 110.50 134.30 NOTE
r-devel-linux-x86_64-fedora-clang 1.0.0 230.66 NOTE
r-devel-linux-x86_64-fedora-gcc 1.0.0 211.81 NOTE
r-devel-windows-ix86+x86_64 1.0.0 81.00 233.00 314.00 NOTE
r-devel-windows-x86_64-gcc10-UCRT 1.0.0 NOTE
r-patched-linux-x86_64 1.0.0 28.74 140.61 169.35 NOTE
r-patched-solaris-x86 1.0.0 292.30 NOTE
r-release-linux-x86_64 1.0.0 28.51 136.55 165.06 OK
r-release-macos-x86_64 1.0.0 NOTE
r-release-windows-ix86+x86_64 1.0.0 55.00 176.00 231.00 OK
r-oldrel-macos-x86_64 1.0.0 NOTE
r-oldrel-windows-ix86+x86_64 1.0.0 66.00 217.00 283.00 OK

Check Details

Version: 1.0.0
Check: LazyData
Result: NOTE
     'LazyData' is specified without a 'data' directory
Flavors: r-devel-linux-x86_64-debian-clang, r-devel-linux-x86_64-debian-gcc, r-devel-linux-x86_64-fedora-clang, r-devel-linux-x86_64-fedora-gcc, r-devel-windows-ix86+x86_64, r-devel-windows-x86_64-gcc10-UCRT, r-patched-linux-x86_64, r-patched-solaris-x86

Version: 1.0.0
Check: dependencies in R code
Result: NOTE
    Namespace in Imports field not imported from: ‘kernlab’
     All declared Imports should be used.
Flavors: r-devel-linux-x86_64-fedora-clang, r-devel-linux-x86_64-fedora-gcc, r-devel-windows-x86_64-gcc10-UCRT, r-patched-solaris-x86, r-release-macos-x86_64, r-oldrel-macos-x86_64