Last updated on 2024-04-17 08:57:24 CEST.
Flavor | Version | Tinstall | Tcheck | Ttotal | Status | Flags |
---|---|---|---|---|---|---|
r-devel-linux-x86_64-debian-clang | 1.1.0 | 38.70 | 176.00 | 214.70 | OK | |
r-devel-linux-x86_64-debian-gcc | 1.1.0 | 29.01 | 131.22 | 160.23 | OK | |
r-devel-linux-x86_64-fedora-clang | 1.1.0 | 270.13 | NOTE | |||
r-devel-linux-x86_64-fedora-gcc | 1.1.0 | 272.56 | NOTE | |||
r-prerel-macos-arm64 | 1.1.0 | 78.00 | OK | |||
r-prerel-windows-x86_64 | 1.1.0 | 29.00 | 143.00 | 172.00 | OK | |
r-patched-linux-x86_64 | 1.1.0 | 29.69 | 166.29 | 195.98 | OK | |
r-release-linux-x86_64 | 1.1.0 | 26.30 | 167.77 | 194.07 | OK | |
r-release-macos-arm64 | 1.1.0 | 84.00 | OK | |||
r-release-macos-x86_64 | 1.1.0 | 138.00 | OK | |||
r-release-windows-x86_64 | 1.1.0 | 41.00 | 187.00 | 228.00 | OK | |
r-oldrel-macos-arm64 | 1.1.0 | 63.00 | NOTE | |||
r-oldrel-windows-x86_64 | 1.1.0 | 39.00 | 174.00 | 213.00 | OK |
Version: 1.1.0
Check: dependencies in R code
Result: NOTE
Namespace in Imports field not imported from: ‘kernlab’
All declared Imports should be used.
Flavors: r-devel-linux-x86_64-fedora-clang, r-devel-linux-x86_64-fedora-gcc, r-oldrel-macos-arm64