CRAN Package Check Results for Package analogsea

Last updated on 2020-09-04 08:53:35 CEST.

Flavor Version Tinstall Tcheck Ttotal Status Flags
r-devel-linux-x86_64-debian-clang 0.8.0 5.25 40.27 45.52 OK
r-devel-linux-x86_64-debian-gcc 0.8.0 3.72 31.19 34.91 OK
r-devel-linux-x86_64-fedora-clang 0.8.0 74.06 OK
r-devel-linux-x86_64-fedora-gcc 0.8.0 52.78 OK
r-devel-windows-ix86+x86_64 0.8.0 11.00 64.00 75.00 OK
r-patched-linux-x86_64 0.8.0 4.09 40.04 44.13 OK
r-patched-solaris-x86 0.8.0 76.60 NOTE
r-release-linux-x86_64 0.8.0 5.53 39.48 45.01 OK
r-release-macos-x86_64 0.8.0 OK
r-release-windows-ix86+x86_64 0.8.0 11.00 51.00 62.00 OK
r-oldrel-macos-x86_64 0.8.0 OK
r-oldrel-windows-ix86+x86_64 0.8.0 6.00 60.00 66.00 OK

Check Details

Version: 0.8.0
Check: package dependencies
Result: NOTE
    Package suggested but not available for checking: ‘ssh’
Flavor: r-patched-solaris-x86