Last updated on 2024-08-31 08:48:06 CEST.
Flavor | Version | Tinstall | Tcheck | Ttotal | Status | Flags |
---|---|---|---|---|---|---|
r-devel-linux-x86_64-debian-clang | 0.1.5 | 2.89 | 22.07 | 24.96 | OK | |
r-devel-linux-x86_64-debian-gcc | 0.1.5 | 1.87 | 17.40 | 19.27 | OK | |
r-devel-linux-x86_64-fedora-clang | 0.1.5 | 38.51 | NOTE | |||
r-devel-linux-x86_64-fedora-gcc | 0.1.5 | 35.81 | NOTE | |||
r-devel-windows-x86_64 | 0.1.5 | 7.00 | 45.00 | 52.00 | OK | |
r-patched-linux-x86_64 | 0.1.5 | 2.76 | 21.48 | 24.24 | OK | |
r-release-linux-x86_64 | 0.1.5 | 2.40 | 21.50 | 23.90 | OK | |
r-release-macos-arm64 | 0.1.5 | 19.00 | OK | |||
r-release-macos-x86_64 | 0.1.5 | 28.00 | OK | |||
r-release-windows-x86_64 | 0.1.5 | 5.00 | 49.00 | 54.00 | OK | |
r-oldrel-macos-arm64 | 0.1.5 | 18.00 | OK | |||
r-oldrel-macos-x86_64 | 0.1.5 | 42.00 | OK | |||
r-oldrel-windows-x86_64 | 0.1.5 | 7.00 | 48.00 | 55.00 | OK |
Version: 0.1.5
Check: data for non-ASCII characters
Result: NOTE
Note: found 237 marked UTF-8 strings
Flavors: r-devel-linux-x86_64-fedora-clang, r-devel-linux-x86_64-fedora-gcc