CRAN Package Check Results for Package animaltracker

Last updated on 2021-08-01 08:52:22 CEST.

Flavor Version Tinstall Tcheck Ttotal Status Flags
r-devel-linux-x86_64-debian-clang 0.2.0 9.49 83.81 93.30 OK
r-devel-linux-x86_64-debian-gcc 0.2.0 7.87 63.14 71.01 OK
r-devel-linux-x86_64-fedora-clang 0.2.0 118.37 NOTE
r-devel-linux-x86_64-fedora-gcc 0.2.0 106.17 OK
r-devel-windows-x86_64 0.2.0 16.00 108.00 124.00 OK
r-devel-windows-x86_64-gcc10-UCRT 0.2.0 OK
r-patched-linux-x86_64 0.2.0 OK
r-patched-solaris-x86 0.2.0 148.20 OK
r-release-linux-x86_64 0.2.0 10.47 78.71 89.18 OK
r-release-macos-arm64 0.2.0 OK
r-release-macos-x86_64 0.2.0 OK
r-release-windows-ix86+x86_64 0.2.0 21.00 109.00 130.00 OK
r-oldrel-macos-x86_64 0.2.0 OK
r-oldrel-windows-ix86+x86_64 0.2.0 21.00 148.00 169.00 OK

Check Details

Version: 0.2.0
Check: package dependencies
Result: NOTE
    Imports includes 22 non-default packages.
    Importing from so many packages makes the package vulnerable to any of
    them becoming unavailable. Move as many as possible to Suggests and
    use conditionally.
Flavor: r-devel-linux-x86_64-fedora-clang