Last updated on 2024-04-23 08:57:38 CEST.
Flavor | Version | Tinstall | Tcheck | Ttotal | Status | Flags |
---|---|---|---|---|---|---|
r-devel-linux-x86_64-debian-clang | 2024.1.24 | 24.98 | 343.31 | 368.29 | NOTE | |
r-devel-linux-x86_64-debian-gcc | 2024.1.24 | 18.97 | 245.30 | 264.27 | NOTE | |
r-devel-linux-x86_64-fedora-clang | 2024.1.24 | 484.99 | NOTE | |||
r-devel-linux-x86_64-fedora-gcc | 2024.1.24 | 466.80 | NOTE | |||
r-prerel-macos-arm64 | 2024.1.24 | 110.00 | OK | |||
r-prerel-macos-x86_64 | 2024.1.24 | 325.00 | OK | |||
r-prerel-windows-x86_64 | 2024.1.24 | 24.00 | 290.00 | 314.00 | NOTE | |
r-patched-linux-x86_64 | 2024.1.24 | 33.39 | 326.53 | 359.92 | NOTE | |
r-release-linux-x86_64 | 2024.1.24 | 21.95 | 334.54 | 356.49 | OK | |
r-release-macos-arm64 | 2024.1.24 | 116.00 | OK | |||
r-release-macos-x86_64 | 2024.1.24 | 260.00 | OK | |||
r-release-windows-x86_64 | 2024.1.24 | 33.00 | 362.00 | 395.00 | OK | |
r-oldrel-macos-arm64 | 2024.1.24 | 115.00 | OK | |||
r-oldrel-windows-x86_64 | 2024.1.24 | 31.00 | 327.00 | 358.00 | OK |
Version: 2024.1.24
Check: HTML version of manual
Result: NOTE
Found the following HTML validation problems:
stat_unique.html:110:1 (stat_unique.Rd:65): Warning: trimming empty <li>
stat_unique.html:109:1 (stat_unique.Rd:65): Warning: trimming empty <ul>
Flavors: r-devel-linux-x86_64-debian-clang, r-devel-linux-x86_64-debian-gcc, r-devel-linux-x86_64-fedora-clang, r-devel-linux-x86_64-fedora-gcc, r-prerel-windows-x86_64, r-patched-linux-x86_64