Last updated on 2024-04-23 08:57:38 CEST.
Flavor | Version | Tinstall | Tcheck | Ttotal | Status | Flags |
---|---|---|---|---|---|---|
r-devel-linux-x86_64-debian-clang | 0.18.1 | 9.65 | 120.99 | 130.64 | OK | |
r-devel-linux-x86_64-debian-gcc | 0.18.1 | 7.11 | 122.11 | 129.22 | OK | |
r-devel-linux-x86_64-fedora-clang | 0.18.1 | 187.68 | OK | |||
r-devel-linux-x86_64-fedora-gcc | 0.18.1 | 191.44 | OK | |||
r-prerel-macos-arm64 | 0.18.1 | 52.00 | OK | |||
r-prerel-windows-x86_64 | 0.18.1 | 10.00 | 111.00 | 121.00 | OK | |
r-patched-linux-x86_64 | 0.18.1 | 13.29 | 141.18 | 154.47 | OK | |
r-release-linux-x86_64 | 0.18.1 | 7.94 | 136.37 | 144.31 | OK | |
r-release-macos-arm64 | 0.18.1 | 54.00 | NOTE | |||
r-release-macos-x86_64 | 0.18.1 | 89.00 | NOTE | |||
r-release-windows-x86_64 | 0.18.1 | 13.00 | 132.00 | 145.00 | OK | |
r-oldrel-macos-arm64 | 0.18.1 | 42.00 | NOTE | |||
r-oldrel-windows-x86_64 | 0.18.1 | 13.00 | 136.00 | 149.00 | OK |
Version: 0.18.1
Check: package dependencies
Result: NOTE
Package suggested but not available for checking: ‘rhdf5’
Flavors: r-release-macos-arm64, r-release-macos-x86_64, r-oldrel-macos-arm64