CRAN Package Check Results for Package aods3

Last updated on 2021-09-26 08:50:04 CEST.

Flavor Version Tinstall Tcheck Ttotal Status Flags
r-devel-linux-x86_64-debian-clang 0.4-1.1 10.46 76.19 86.65 NOTE
r-devel-linux-x86_64-debian-gcc 0.4-1.1 7.37 57.60 64.97 NOTE
r-devel-linux-x86_64-fedora-clang 0.4-1.1 111.45 NOTE
r-devel-linux-x86_64-fedora-gcc 0.4-1.1 99.52 NOTE
r-devel-windows-x86_64 0.4-1.1 10.00 70.00 80.00 NOTE
r-devel-windows-x86_64-gcc10-UCRT 0.4-1.1 NOTE
r-patched-linux-x86_64 0.4-1.1 9.40 73.14 82.54 NOTE
r-patched-solaris-x86 0.4-1.1 142.40 NOTE
r-release-linux-x86_64 0.4-1.1 8.93 73.29 82.22 NOTE
r-release-macos-arm64 0.4-1.1 NOTE
r-release-macos-x86_64 0.4-1.1 NOTE
r-release-windows-ix86+x86_64 0.4-1.1 21.00 98.00 119.00 NOTE
r-oldrel-macos-x86_64 0.4-1.1 NOTE
r-oldrel-windows-ix86+x86_64 0.4-1.1 15.00 72.00 87.00 NOTE

Check Details

Version: 0.4-1.1
Check: dependencies in R code
Result: NOTE
    Packages in Depends field not imported from:
     'boot' 'lme4'
     These packages need to be imported from (in the NAMESPACE file)
     for when this namespace is loaded but not attached.
Flavors: r-devel-linux-x86_64-debian-clang, r-devel-linux-x86_64-debian-gcc, r-devel-linux-x86_64-fedora-clang, r-devel-linux-x86_64-fedora-gcc, r-devel-windows-x86_64, r-devel-windows-x86_64-gcc10-UCRT, r-patched-linux-x86_64, r-patched-solaris-x86, r-release-linux-x86_64, r-release-macos-arm64, r-release-macos-x86_64, r-release-windows-ix86+x86_64, r-oldrel-macos-x86_64, r-oldrel-windows-ix86+x86_64