Last updated on 2024-03-12 07:49:47 CET.
Flavor | Version | Tinstall | Tcheck | Ttotal | Status | Flags |
---|---|---|---|---|---|---|
r-devel-linux-x86_64-debian-clang | 0.2.4 | 2.24 | 23.37 | 25.61 | NOTE | |
r-devel-linux-x86_64-debian-gcc | 0.2.4 | 1.75 | 18.72 | 20.47 | NOTE | |
r-devel-linux-x86_64-fedora-clang | 0.2.4 | 32.31 | NOTE | |||
r-devel-linux-x86_64-fedora-gcc | 0.2.4 | 32.23 | NOTE | |||
r-devel-windows-x86_64 | 0.2.4 | 2.00 | 40.00 | 42.00 | NOTE | |
r-patched-linux-x86_64 | 0.2.4 | 2.33 | 23.05 | 25.38 | NOTE | |
r-release-linux-x86_64 | 0.2.4 | 2.37 | 23.41 | 25.78 | NOTE | |
r-release-macos-arm64 | 0.2.4 | 16.00 | NOTE | |||
r-release-macos-x86_64 | 0.2.4 | 20.00 | NOTE | |||
r-release-windows-x86_64 | 0.2.4 | 3.00 | 37.00 | 40.00 | NOTE | |
r-oldrel-macos-arm64 | 0.2.4 | 20.00 | NOTE | |||
r-oldrel-windows-x86_64 | 0.2.4 | 4.00 | 47.00 | 51.00 | NOTE |
Version: 0.2.4
Check: Rd \usage sections
Result: NOTE
Documented arguments not in \usage in Rd file 'apercu.Rd':
‘c’
Functions with \usage entries need to have the appropriate \alias
entries, and all their arguments documented.
The \usage entries must correspond to syntactically valid R code.
See chapter ‘Writing R documentation files’ in the ‘Writing R
Extensions’ manual.
Flavors: r-devel-linux-x86_64-debian-clang, r-devel-linux-x86_64-debian-gcc, r-devel-linux-x86_64-fedora-clang, r-devel-linux-x86_64-fedora-gcc, r-devel-windows-x86_64
Version: 0.2.4
Check: LazyData
Result: NOTE
'LazyData' is specified without a 'data' directory
Flavors: r-devel-linux-x86_64-debian-clang, r-devel-linux-x86_64-debian-gcc, r-devel-linux-x86_64-fedora-clang, r-devel-linux-x86_64-fedora-gcc, r-devel-windows-x86_64, r-patched-linux-x86_64, r-release-linux-x86_64, r-release-macos-arm64, r-release-macos-x86_64, r-release-windows-x86_64, r-oldrel-macos-arm64, r-oldrel-windows-x86_64
Version: 0.2.4
Check: dependencies in R code
Result: NOTE
Namespace in Imports field not imported from: ‘pls’
All declared Imports should be used.
Flavors: r-devel-linux-x86_64-fedora-clang, r-devel-linux-x86_64-fedora-gcc