Last updated on 2024-03-12 07:49:47 CET.
Flavor | Version | Tinstall | Tcheck | Ttotal | Status | Flags |
---|---|---|---|---|---|---|
r-devel-linux-x86_64-debian-clang | 1.1.1 | 310.58 | 78.79 | 389.37 | OK | |
r-devel-linux-x86_64-debian-gcc | 1.1.1 | 215.82 | 62.93 | 278.75 | OK | |
r-devel-linux-x86_64-fedora-clang | 1.1.1 | 563.85 | OK | |||
r-devel-linux-x86_64-fedora-gcc | 1.1.1 | 588.51 | OK | |||
r-devel-windows-x86_64 | 1.1.1 | 217.00 | 122.00 | 339.00 | OK | |
r-patched-linux-x86_64 | 1.1.1 | 282.94 | 84.85 | 367.79 | OK | |
r-release-linux-x86_64 | 1.1.1 | 289.32 | 86.74 | 376.06 | OK | |
r-release-macos-arm64 | 1.1.1 | 110.00 | NOTE | |||
r-release-macos-x86_64 | 1.1.1 | 190.00 | NOTE | |||
r-release-windows-x86_64 | 1.1.1 | 271.00 | 127.00 | 398.00 | OK | |
r-oldrel-macos-arm64 | 1.1.1 | 106.00 | NOTE | |||
r-oldrel-windows-x86_64 | 1.1.1 | 248.00 | 122.00 | 370.00 | OK |
Version: 1.1.1
Check: installed package size
Result: NOTE
installed size is 29.9Mb
sub-directories of 1Mb or more:
libs 29.6Mb
Flavors: r-release-macos-arm64, r-release-macos-x86_64, r-oldrel-macos-arm64