Last updated on 2023-02-04 08:01:04 CET.
Flavor | Version | Tinstall | Tcheck | Ttotal | Status | Flags |
---|---|---|---|---|---|---|
r-devel-linux-x86_64-debian-clang | 2.3.1 | 21.27 | 219.58 | 240.85 | NOTE | |
r-devel-linux-x86_64-debian-gcc | 2.3.1 | 14.43 | 160.75 | 175.18 | NOTE | |
r-devel-linux-x86_64-fedora-clang | 2.3.1 | 309.80 | NOTE | |||
r-devel-linux-x86_64-fedora-gcc | 2.3.1 | 317.30 | NOTE | |||
r-devel-windows-x86_64 | 2.3.1 | 91.00 | 284.00 | 375.00 | NOTE | |
r-patched-linux-x86_64 | 2.3.1 | 20.52 | 202.24 | 222.76 | OK | |
r-release-linux-x86_64 | 2.3.1 | 19.35 | 197.59 | 216.94 | OK | |
r-release-macos-arm64 | 2.3.1 | 77.00 | NOTE | |||
r-release-macos-x86_64 | 2.3.1 | 106.00 | NOTE | |||
r-release-windows-x86_64 | 2.3.1 | 84.00 | 275.00 | 359.00 | NOTE | |
r-oldrel-macos-arm64 | 2.3.1 | 70.00 | NOTE | |||
r-oldrel-macos-x86_64 | 2.3.1 | 105.00 | NOTE | |||
r-oldrel-windows-ix86+x86_64 | 2.3.1 | 36.00 | 236.00 | 272.00 | NOTE |
Version: 2.3.1
Check: package subdirectories
Result: NOTE
Problems with news in ‘NEWS.md’:
No news entries found.
Flavors: r-devel-linux-x86_64-debian-clang, r-devel-linux-x86_64-debian-gcc, r-devel-linux-x86_64-fedora-clang, r-devel-linux-x86_64-fedora-gcc, r-devel-windows-x86_64
Version: 2.3.1
Check: installed package size
Result: NOTE
installed size is 6.8Mb
sub-directories of 1Mb or more:
extdata 5.4Mb
Flavors: r-devel-linux-x86_64-fedora-clang, r-devel-windows-x86_64, r-release-macos-arm64, r-release-macos-x86_64, r-release-windows-x86_64, r-oldrel-macos-arm64, r-oldrel-macos-x86_64, r-oldrel-windows-ix86+x86_64