Last updated on 2024-07-27 08:49:14 CEST.
Flavor | Version | Tinstall | Tcheck | Ttotal | Status | Flags |
---|---|---|---|---|---|---|
r-devel-linux-x86_64-debian-clang | 2.2-0.1 | 5.41 | 165.33 | 170.74 | OK | |
r-devel-linux-x86_64-debian-gcc | 2.2-0.1 | NOTE | ||||
r-devel-linux-x86_64-fedora-clang | 2.2-0.1 | 205.62 | OK | |||
r-devel-linux-x86_64-fedora-gcc | 2.2-0.1 | 206.28 | OK | |||
r-devel-windows-x86_64 | 2.2-0.1 | 6.00 | 143.00 | 149.00 | NOTE | |
r-patched-linux-x86_64 | 2.2-0.1 | OK | ||||
r-release-linux-x86_64 | 2.2-0.1 | 3.66 | 152.18 | 155.84 | OK | |
r-release-macos-arm64 | 2.2-0.1 | 56.00 | OK | |||
r-release-macos-x86_64 | 2.2-0.1 | 94.00 | OK | |||
r-release-windows-x86_64 | 2.2-0.1 | 7.00 | 142.00 | 149.00 | OK | |
r-oldrel-macos-arm64 | 2.2-0.1 | 85.00 | OK | |||
r-oldrel-macos-x86_64 | 2.2-0.1 | 143.00 | OK | |||
r-oldrel-windows-x86_64 | 2.2-0.1 | 6.00 | 171.00 | 177.00 | OK |
Version: 2.2-0.1
Check: Rd cross-references
Result: NOTE
Found the following Rd file(s) with Rd \link{} targets missing package
anchors:
as.archetypes.Rd: parameters
Please provide package anchors for all Rd \link{} targets not in the
package itself and the base packages.
Flavors: r-devel-linux-x86_64-debian-gcc, r-devel-windows-x86_64