Last updated on 2024-04-23 08:57:38 CEST.
Flavor | Version | Tinstall | Tcheck | Ttotal | Status | Flags |
---|---|---|---|---|---|---|
r-devel-linux-x86_64-debian-clang | 0.6.3 | 12.16 | 156.85 | 169.01 | OK | |
r-devel-linux-x86_64-debian-gcc | 0.6.3 | 10.82 | 118.45 | 129.27 | OK | |
r-devel-linux-x86_64-fedora-clang | 0.6.3 | 221.42 | NOTE | |||
r-devel-linux-x86_64-fedora-gcc | 0.6.3 | 227.66 | OK | |||
r-prerel-macos-arm64 | 0.6.3 | 67.00 | OK | |||
r-prerel-windows-x86_64 | 0.6.3 | 13.00 | 137.00 | 150.00 | OK | |
r-patched-linux-x86_64 | 0.6.3 | 15.31 | 148.91 | 164.22 | OK | |
r-release-linux-x86_64 | 0.6.3 | 8.87 | 145.23 | 154.10 | OK | |
r-release-macos-arm64 | 0.6.3 | 60.00 | OK | |||
r-release-macos-x86_64 | 0.6.3 | 168.00 | OK | |||
r-release-windows-x86_64 | 0.6.3 | 16.00 | 163.00 | 179.00 | OK | |
r-oldrel-macos-arm64 | 0.6.3 | 65.00 | OK | |||
r-oldrel-windows-x86_64 | 0.6.3 | 18.00 | 164.00 | 182.00 | OK |
Version: 0.6.3
Check: Rd cross-references
Result: NOTE
Undeclared package ‘beepr’ in Rd xrefs
Flavor: r-devel-linux-x86_64-fedora-clang