CRAN Package Check Results for Package argonDash

Last updated on 2021-07-26 09:53:52 CEST.

Flavor Version Tinstall Tcheck Ttotal Status Flags
r-devel-linux-x86_64-debian-clang 0.2.0 2.89 24.85 27.74 NOTE
r-devel-linux-x86_64-debian-gcc 0.2.0 2.26 19.69 21.95 NOTE
r-devel-linux-x86_64-fedora-clang 0.2.0 42.19 NOTE
r-devel-linux-x86_64-fedora-gcc 0.2.0 31.64 NOTE
r-devel-windows-x86_64 0.2.0 6.00 40.00 46.00 NOTE
r-devel-windows-x86_64-gcc10-UCRT 0.2.0 NOTE
r-patched-linux-x86_64 0.2.0 6.68 23.83 30.51 NOTE
r-patched-solaris-x86 0.2.0 66.10 NOTE
r-release-linux-x86_64 0.2.0 2.86 24.05 26.91 NOTE
r-release-macos-arm64 0.2.0 NOTE
r-release-macos-x86_64 0.2.0 NOTE
r-release-windows-ix86+x86_64 0.2.0 7.00 36.00 43.00 NOTE
r-oldrel-macos-x86_64 0.2.0 OK
r-oldrel-windows-ix86+x86_64 0.2.0 5.00 40.00 45.00 OK

Check Details

Version: 0.2.0
Check: LazyData
Result: NOTE
     'LazyData' is specified without a 'data' directory
Flavors: r-devel-linux-x86_64-debian-clang, r-devel-linux-x86_64-debian-gcc, r-devel-linux-x86_64-fedora-clang, r-devel-linux-x86_64-fedora-gcc, r-devel-windows-x86_64, r-devel-windows-x86_64-gcc10-UCRT, r-patched-linux-x86_64, r-patched-solaris-x86, r-release-linux-x86_64, r-release-macos-arm64, r-release-macos-x86_64, r-release-windows-ix86+x86_64