Last updated on 2024-03-12 07:49:47 CET.
Flavor | Version | Tinstall | Tcheck | Ttotal | Status | Flags |
---|---|---|---|---|---|---|
r-devel-linux-x86_64-debian-clang | 0.3.5 | 6.57 | 77.68 | 84.25 | NOTE | |
r-devel-linux-x86_64-debian-gcc | 0.3.5 | 6.42 | 59.69 | 66.11 | NOTE | |
r-devel-linux-x86_64-fedora-clang | 0.3.5 | 108.57 | NOTE | |||
r-devel-linux-x86_64-fedora-gcc | 0.3.5 | 121.70 | NOTE | |||
r-devel-windows-x86_64 | 0.3.5 | 9.00 | 78.00 | 87.00 | NOTE | |
r-patched-linux-x86_64 | 0.3.5 | 6.23 | 75.72 | 81.95 | NOTE | |
r-release-linux-x86_64 | 0.3.5 | 4.95 | 76.72 | 81.67 | NOTE | |
r-release-macos-arm64 | 0.3.5 | 33.00 | NOTE | |||
r-release-macos-x86_64 | 0.3.5 | 49.00 | NOTE | |||
r-release-windows-x86_64 | 0.3.5 | 11.00 | 83.00 | 94.00 | NOTE | |
r-oldrel-macos-arm64 | 0.3.5 | 28.00 | NOTE | |||
r-oldrel-windows-x86_64 | 0.3.5 | 11.00 | 91.00 | 102.00 | NOTE |
Version: 0.3.5
Check: LazyData
Result: NOTE
'LazyData' is specified without a 'data' directory
Flavors: r-devel-linux-x86_64-debian-clang, r-devel-linux-x86_64-debian-gcc, r-devel-linux-x86_64-fedora-clang, r-devel-linux-x86_64-fedora-gcc, r-devel-windows-x86_64, r-patched-linux-x86_64, r-release-linux-x86_64, r-release-macos-arm64, r-release-macos-x86_64, r-release-windows-x86_64, r-oldrel-macos-arm64, r-oldrel-windows-x86_64