Last updated on 2024-04-20 08:50:44 CEST.
Flavor | Version | Tinstall | Tcheck | Ttotal | Status | Flags |
---|---|---|---|---|---|---|
r-devel-linux-x86_64-debian-clang | 0.1.2 | 1.57 | 19.68 | 21.25 | NOTE | |
r-devel-linux-x86_64-debian-gcc | 0.1.2 | 1.48 | 15.59 | 17.07 | NOTE | |
r-devel-linux-x86_64-fedora-clang | 0.1.2 | 28.82 | NOTE | |||
r-devel-linux-x86_64-fedora-gcc | 0.1.2 | 26.97 | NOTE | |||
r-prerel-macos-arm64 | 0.1.2 | 14.00 | NOTE | |||
r-prerel-windows-x86_64 | 0.1.2 | 2.00 | 34.00 | 36.00 | NOTE | |
r-patched-linux-x86_64 | 0.1.2 | 1.92 | 19.11 | 21.03 | NOTE | |
r-release-linux-x86_64 | 0.1.2 | 1.76 | 19.76 | 21.52 | NOTE | |
r-release-macos-arm64 | 0.1.2 | 15.00 | NOTE | |||
r-release-macos-x86_64 | 0.1.2 | 20.00 | NOTE | |||
r-release-windows-x86_64 | 0.1.2 | 3.00 | 34.00 | 37.00 | NOTE | |
r-oldrel-macos-arm64 | 0.1.2 | 16.00 | NOTE | |||
r-oldrel-windows-x86_64 | 0.1.2 | 4.00 | 42.00 | 46.00 | NOTE |
Version: 0.1.2
Check: DESCRIPTION meta-information
Result: NOTE
Malformed Description field: should contain one or more complete sentences.
Flavors: r-devel-linux-x86_64-debian-clang, r-devel-linux-x86_64-debian-gcc, r-devel-linux-x86_64-fedora-clang, r-devel-linux-x86_64-fedora-gcc, r-prerel-macos-arm64, r-prerel-windows-x86_64, r-patched-linux-x86_64, r-release-linux-x86_64, r-release-macos-arm64, r-release-macos-x86_64, r-release-windows-x86_64, r-oldrel-macos-arm64, r-oldrel-windows-x86_64