Last updated on 2024-03-12 07:49:47 CET.
Flavor | Version | Tinstall | Tcheck | Ttotal | Status | Flags |
---|---|---|---|---|---|---|
r-devel-linux-x86_64-debian-clang | 14.0.2.1 | 4222.74 | 293.79 | 4516.53 | OK | |
r-devel-linux-x86_64-debian-gcc | 14.0.2.1 | 3686.34 | 218.10 | 3904.44 | OK | |
r-devel-linux-x86_64-fedora-clang | 14.0.2.1 | 6044.43 | NOTE | |||
r-devel-linux-x86_64-fedora-gcc | 14.0.2.1 | 7217.98 | OK | |||
r-devel-windows-x86_64 | 14.0.2.1 | 414.00 | 604.00 | 1018.00 | NOTE | |
r-patched-linux-x86_64 | 14.0.2.1 | 4369.02 | 297.34 | 4666.36 | OK | |
r-release-linux-x86_64 | 14.0.2.1 | 4434.94 | 296.27 | 4731.21 | OK | |
r-release-macos-arm64 | 14.0.2.1 | 83.00 | ERROR | |||
r-release-macos-x86_64 | 14.0.2.1 | 213.00 | ERROR | |||
r-release-windows-x86_64 | 14.0.2.1 | 513.00 | 760.00 | 1273.00 | NOTE | |
r-oldrel-macos-arm64 | 14.0.2.1 | 99.00 | ERROR | |||
r-oldrel-windows-x86_64 | 14.0.2.1 | 502.00 | 645.00 | 1147.00 | NOTE |
Version: 14.0.2.1
Check: installed package size
Result: NOTE
installed size is 47.8Mb
sub-directories of 1Mb or more:
R 4.3Mb
libs 42.9Mb
Flavors: r-devel-linux-x86_64-fedora-clang, r-devel-windows-x86_64, r-release-windows-x86_64, r-oldrel-windows-x86_64
Version: 14.0.2.1
Check: Rd cross-references
Result: NOTE
Undeclared package ‘readr’ in Rd xrefs
Flavor: r-devel-linux-x86_64-fedora-clang
Version: 14.0.2.1
Check: whether package can be installed
Result: ERROR
Installation failed.
Flavors: r-release-macos-arm64, r-release-macos-x86_64, r-oldrel-macos-arm64