Last updated on 2023-02-08 07:54:22 CET.
Flavor | Version | Tinstall | Tcheck | Ttotal | Status | Flags |
---|---|---|---|---|---|---|
r-devel-linux-x86_64-debian-clang | 0.0.1 | 3.23 | 124.25 | 127.48 | OK | |
r-devel-linux-x86_64-debian-gcc | 0.0.1 | 3.32 | 83.05 | 86.37 | OK | |
r-devel-linux-x86_64-fedora-clang | 0.0.1 | 136.60 | NOTE | |||
r-devel-linux-x86_64-fedora-gcc | 0.0.1 | 137.11 | NOTE | |||
r-devel-windows-x86_64 | 0.0.1 | 44.00 | 134.00 | 178.00 | OK | |
r-patched-linux-x86_64 | 0.0.1 | 3.40 | 104.70 | 108.10 | OK | |
r-release-linux-x86_64 | 0.0.1 | 3.28 | 106.08 | 109.36 | OK | |
r-release-macos-arm64 | 0.0.1 | 37.00 | NOTE | |||
r-release-macos-x86_64 | 0.0.1 | 56.00 | NOTE | |||
r-release-windows-x86_64 | 0.0.1 | 28.00 | 152.00 | 180.00 | OK | |
r-oldrel-macos-arm64 | 0.0.1 | 36.00 | NOTE | |||
r-oldrel-macos-x86_64 | 0.0.1 | 59.00 | NOTE | |||
r-oldrel-windows-ix86+x86_64 | 0.0.1 | 9.00 | 128.00 | 137.00 | OK |
Version: 0.0.1
Check: dependencies in R code
Result: NOTE
Namespace in Imports field not imported from: ‘purrr’
All declared Imports should be used.
Flavors: r-devel-linux-x86_64-fedora-clang, r-devel-linux-x86_64-fedora-gcc, r-release-macos-arm64, r-release-macos-x86_64, r-oldrel-macos-arm64, r-oldrel-macos-x86_64