Last updated on 2024-03-12 07:49:47 CET.
Flavor | Version | Tinstall | Tcheck | Ttotal | Status | Flags |
---|---|---|---|---|---|---|
r-devel-linux-x86_64-debian-clang | 4.4.27 | 32.68 | 309.57 | 342.25 | NOTE | |
r-devel-linux-x86_64-debian-gcc | 4.4.27 | 28.56 | 232.65 | 261.21 | NOTE | |
r-devel-linux-x86_64-fedora-clang | 4.4.27 | 430.19 | NOTE | |||
r-devel-linux-x86_64-fedora-gcc | 4.4.27 | 428.03 | NOTE | |||
r-devel-windows-x86_64 | 4.4.27 | 30.00 | 256.00 | 286.00 | NOTE | |
r-patched-linux-x86_64 | 4.4.27 | 55.89 | 305.83 | 361.72 | NOTE | |
r-release-linux-x86_64 | 4.4.27 | 30.08 | 307.05 | 337.13 | NOTE | |
r-release-macos-arm64 | 4.4.27 | 80.00 | NOTE | |||
r-release-macos-x86_64 | 4.4.27 | 118.00 | NOTE | |||
r-release-windows-x86_64 | 4.4.27 | 40.00 | 320.00 | 360.00 | NOTE | |
r-oldrel-macos-arm64 | 4.4.27 | 69.00 | NOTE | |||
r-oldrel-windows-x86_64 | 4.4.27 | 42.00 | 305.00 | 347.00 | NOTE |
Version: 4.4.27
Check: package dependencies
Result: NOTE
Package which this enhances but not available for checking: ‘asreml’
Flavors: r-devel-linux-x86_64-debian-clang, r-devel-linux-x86_64-debian-gcc, r-devel-linux-x86_64-fedora-clang, r-devel-linux-x86_64-fedora-gcc, r-devel-windows-x86_64, r-patched-linux-x86_64, r-release-linux-x86_64, r-release-macos-arm64, r-release-macos-x86_64, r-release-windows-x86_64, r-oldrel-macos-arm64, r-oldrel-windows-x86_64