Last updated on 2024-05-21 08:56:10 CEST.
Flavor | Version | Tinstall | Tcheck | Ttotal | Status | Flags |
---|---|---|---|---|---|---|
r-devel-linux-x86_64-debian-clang | 0.1.0 | 5.21 | 72.67 | 77.88 | NOTE | |
r-devel-linux-x86_64-debian-gcc | 0.1.0 | 4.83 | 52.19 | 57.02 | NOTE | |
r-devel-linux-x86_64-fedora-clang | 0.1.0 | 101.41 | NOTE | |||
r-devel-linux-x86_64-fedora-gcc | 0.1.0 | 101.09 | NOTE | |||
r-devel-windows-x86_64 | 0.1.0 | 6.00 | 86.00 | 92.00 | NOTE | |
r-patched-linux-x86_64 | 0.1.0 | 6.87 | 66.19 | 73.06 | NOTE | |
r-release-linux-x86_64 | 0.1.0 | 4.29 | 66.89 | 71.18 | NOTE | |
r-release-macos-arm64 | 0.1.0 | 31.00 | NOTE | |||
r-release-windows-x86_64 | 0.1.0 | 8.00 | 87.00 | 95.00 | NOTE | |
r-oldrel-macos-arm64 | 0.1.0 | 51.00 | OK | |||
r-oldrel-macos-x86_64 | 0.1.0 | 95.00 | OK | |||
r-oldrel-windows-x86_64 | 0.1.0 | 9.00 | 98.00 | 107.00 | OK |
Version: 0.1.0
Check: Rd files
Result: NOTE
checkRd: (-1) assert.Rd:12: Lost braces; missing escapes or markup?
12 | \item{msg}{A character string containing the error message to display if any of the conditions are not met. The string can include the placeholder {failed_expressions} to insert a list of the failed expressions. The string can also include {?s} and {?is/are} to insert the correct pluralization for the list of failed expressions.}
| ^
checkRd: (-1) assert.Rd:12: Lost braces; missing escapes or markup?
12 | \item{msg}{A character string containing the error message to display if any of the conditions are not met. The string can include the placeholder {failed_expressions} to insert a list of the failed expressions. The string can also include {?s} and {?is/are} to insert the correct pluralization for the list of failed expressions.}
| ^
checkRd: (-1) assert.Rd:12: Lost braces; missing escapes or markup?
12 | \item{msg}{A character string containing the error message to display if any of the conditions are not met. The string can include the placeholder {failed_expressions} to insert a list of the failed expressions. The string can also include {?s} and {?is/are} to insert the correct pluralization for the list of failed expressions.}
| ^
Flavors: r-devel-linux-x86_64-debian-clang, r-devel-linux-x86_64-debian-gcc, r-devel-linux-x86_64-fedora-clang, r-devel-linux-x86_64-fedora-gcc, r-devel-windows-x86_64, r-patched-linux-x86_64, r-release-linux-x86_64, r-release-macos-arm64, r-release-windows-x86_64