CRAN Package Check Results for Package audiometry

Last updated on 2021-05-09 08:50:10 CEST.

Flavor Version Tinstall Tcheck Ttotal Status Flags
r-devel-linux-x86_64-debian-clang 0.2.0 3.81 54.76 58.57 NOTE
r-devel-linux-x86_64-debian-gcc 0.2.0 3.11 40.20 43.31 NOTE
r-devel-linux-x86_64-fedora-clang 0.2.0 80.07 NOTE
r-devel-linux-x86_64-fedora-gcc 0.2.0 69.07 NOTE
r-devel-windows-ix86+x86_64 0.2.0 12.00 74.00 86.00 NOTE
r-devel-windows-x86_64-gcc10-UCRT 0.2.0 NOTE
r-patched-linux-x86_64 0.2.0 3.35 50.83 54.18 NOTE
r-patched-solaris-x86 0.2.0 101.00 OK
r-release-linux-x86_64 0.2.0 3.96 50.48 54.44 OK
r-release-macos-x86_64 0.2.0 OK
r-release-windows-ix86+x86_64 0.2.0 11.00 53.00 64.00 OK
r-oldrel-macos-x86_64 0.2.0 OK
r-oldrel-windows-ix86+x86_64 0.2.0 10.00 70.00 80.00 OK

Check Details

Version: 0.2.0
Check: LazyData
Result: NOTE
     'LazyData' is specified without a 'data' directory
Flavors: r-devel-linux-x86_64-debian-clang, r-devel-linux-x86_64-debian-gcc, r-devel-linux-x86_64-fedora-clang, r-devel-linux-x86_64-fedora-gcc, r-devel-windows-ix86+x86_64, r-devel-windows-x86_64-gcc10-UCRT, r-patched-linux-x86_64