Last updated on 2024-04-23 08:57:38 CEST.
Flavor | Version | Tinstall | Tcheck | Ttotal | Status | Flags |
---|---|---|---|---|---|---|
r-devel-linux-x86_64-debian-clang | 0.9.11 | 3.13 | 97.24 | 100.37 | NOTE | |
r-devel-linux-x86_64-debian-gcc | 0.9.11 | 3.25 | 73.28 | 76.53 | NOTE | |
r-devel-linux-x86_64-fedora-clang | 0.9.11 | 127.61 | NOTE | |||
r-devel-linux-x86_64-fedora-gcc | 0.9.11 | 122.47 | NOTE | |||
r-prerel-macos-arm64 | 0.9.11 | 41.00 | NOTE | |||
r-prerel-windows-x86_64 | 0.9.11 | 5.00 | 91.00 | 96.00 | NOTE | |
r-patched-linux-x86_64 | 0.9.11 | 0.58 | 2.31 | 2.89 | ERROR | |
r-release-linux-x86_64 | 0.9.11 | 0.33 | 2.11 | 2.44 | ERROR | |
r-release-macos-arm64 | 0.9.11 | 38.00 | NOTE | |||
r-release-macos-x86_64 | 0.9.11 | 63.00 | NOTE | |||
r-release-windows-x86_64 | 0.9.11 | 6.00 | 107.00 | 113.00 | NOTE | |
r-oldrel-macos-arm64 | 0.9.11 | 34.00 | NOTE | |||
r-oldrel-windows-x86_64 | 0.9.11 | 7.00 | 108.00 | 115.00 | NOTE |
Version: 0.9.11
Check: LazyData
Result: NOTE
'LazyData' is specified without a 'data' directory
Flavors: r-devel-linux-x86_64-debian-clang, r-devel-linux-x86_64-debian-gcc, r-devel-linux-x86_64-fedora-clang, r-devel-linux-x86_64-fedora-gcc, r-prerel-macos-arm64, r-prerel-windows-x86_64, r-release-macos-arm64, r-release-macos-x86_64, r-release-windows-x86_64, r-oldrel-macos-arm64, r-oldrel-windows-x86_64
Version: 0.9.11
Check: dependencies in R code
Result: NOTE
Namespaces in Imports field not imported from:
‘plotly’ ‘shinycssloaders’
All declared Imports should be used.
Flavors: r-devel-linux-x86_64-fedora-clang, r-devel-linux-x86_64-fedora-gcc, r-oldrel-macos-arm64
Version: 0.9.11
Check: package dependencies
Result: ERROR
Package required but not available: ‘prophet’
See section ‘The DESCRIPTION file’ in the ‘Writing R Extensions’
manual.
Flavors: r-patched-linux-x86_64, r-release-linux-x86_64