CRAN Package Check Results for Package autoTS

Last updated on 2021-05-12 08:48:40 CEST.

Flavor Version Tinstall Tcheck Ttotal Status Flags
r-devel-linux-x86_64-debian-clang 0.9.11 2.95 74.08 77.03 NOTE
r-devel-linux-x86_64-debian-gcc 0.9.11 2.35 54.35 56.70 NOTE
r-devel-linux-x86_64-fedora-clang 0.9.11 99.38 NOTE
r-devel-linux-x86_64-fedora-gcc 0.9.11 90.82 NOTE
r-devel-windows-ix86+x86_64 0.9.11 14.00 100.00 114.00 NOTE
r-devel-windows-x86_64-gcc10-UCRT 0.9.11 NOTE
r-patched-linux-x86_64 0.9.11 2.95 70.94 73.89 NOTE
r-patched-solaris-x86 0.9.11 132.80 NOTE
r-release-linux-x86_64 0.9.11 2.74 70.59 73.33 OK
r-release-macos-x86_64 0.9.11 NOTE
r-release-windows-ix86+x86_64 0.9.11 7.00 77.00 84.00 OK
r-oldrel-macos-x86_64 0.9.11 NOTE
r-oldrel-windows-ix86+x86_64 0.9.11 5.00 95.00 100.00 OK

Check Details

Version: 0.9.11
Check: LazyData
Result: NOTE
     'LazyData' is specified without a 'data' directory
Flavors: r-devel-linux-x86_64-debian-clang, r-devel-linux-x86_64-debian-gcc, r-devel-linux-x86_64-fedora-clang, r-devel-linux-x86_64-fedora-gcc, r-devel-windows-ix86+x86_64, r-devel-windows-x86_64-gcc10-UCRT, r-patched-linux-x86_64, r-patched-solaris-x86

Version: 0.9.11
Check: dependencies in R code
Result: NOTE
    Namespaces in Imports field not imported from:
     ‘plotly’ ‘shinycssloaders’
     All declared Imports should be used.
Flavors: r-devel-linux-x86_64-fedora-clang, r-devel-linux-x86_64-fedora-gcc, r-devel-windows-x86_64-gcc10-UCRT, r-patched-solaris-x86, r-release-macos-x86_64, r-oldrel-macos-x86_64