Last updated on 2024-04-23 08:57:38 CEST.
Flavor | Version | Tinstall | Tcheck | Ttotal | Status | Flags |
---|---|---|---|---|---|---|
r-devel-linux-x86_64-debian-clang | 0.1.3 | 34.32 | 77.74 | 112.06 | NOTE | |
r-devel-linux-x86_64-debian-gcc | 0.1.3 | 29.53 | 58.33 | 87.86 | NOTE | |
r-devel-linux-x86_64-fedora-clang | 0.1.3 | 157.12 | NOTE | |||
r-devel-linux-x86_64-fedora-gcc | 0.1.3 | 160.44 | NOTE | |||
r-prerel-macos-arm64 | 0.1.3 | 48.00 | NOTE | |||
r-prerel-windows-x86_64 | 0.1.3 | 29.00 | 104.00 | 133.00 | NOTE | |
r-patched-linux-x86_64 | 0.1.3 | 30.79 | 73.70 | 104.49 | NOTE | |
r-release-linux-x86_64 | 0.1.3 | 27.14 | 72.54 | 99.68 | OK | |
r-release-macos-arm64 | 0.1.3 | 53.00 | OK | |||
r-release-macos-x86_64 | 0.1.3 | 82.00 | OK | |||
r-release-windows-x86_64 | 0.1.3 | 39.00 | 125.00 | 164.00 | OK | |
r-oldrel-macos-arm64 | 0.1.3 | 57.00 | OK | |||
r-oldrel-windows-x86_64 | 0.1.3 | 36.00 | 118.00 | 154.00 | OK |
Version: 0.1.3
Check: Rd files
Result: NOTE
checkRd: (-1) avar_mo_cpp.Rd:15: Lost braces in \itemize; \value handles \item{}{} directly
checkRd: (-1) avar_mo_cpp.Rd:16: Lost braces in \itemize; \value handles \item{}{} directly
checkRd: (-1) avar_mo_cpp.Rd:17: Lost braces in \itemize; \value handles \item{}{} directly
checkRd: (-1) avar_to_cpp.Rd:15: Lost braces in \itemize; \value handles \item{}{} directly
checkRd: (-1) avar_to_cpp.Rd:16: Lost braces in \itemize; \value handles \item{}{} directly
checkRd: (-1) avar_to_cpp.Rd:17: Lost braces in \itemize; \value handles \item{}{} directly
Flavors: r-devel-linux-x86_64-debian-clang, r-devel-linux-x86_64-debian-gcc, r-devel-linux-x86_64-fedora-clang, r-devel-linux-x86_64-fedora-gcc, r-prerel-macos-arm64, r-prerel-windows-x86_64, r-patched-linux-x86_64