Last updated on 2024-04-23 08:57:38 CEST.
Flavor | Version | Tinstall | Tcheck | Ttotal | Status | Flags |
---|---|---|---|---|---|---|
r-devel-linux-x86_64-debian-clang | 1.3 | 6.61 | 63.57 | 70.18 | OK | |
r-devel-linux-x86_64-debian-gcc | 1.3 | 4.74 | 47.25 | 51.99 | OK | |
r-devel-linux-x86_64-fedora-clang | 1.3 | 87.60 | NOTE | |||
r-devel-linux-x86_64-fedora-gcc | 1.3 | 94.94 | NOTE | |||
r-prerel-macos-arm64 | 1.3 | 34.00 | OK | |||
r-prerel-windows-x86_64 | 1.3 | 7.00 | 72.00 | 79.00 | OK | |
r-patched-linux-x86_64 | 1.3 | 4.57 | 59.73 | 64.30 | OK | |
r-release-linux-x86_64 | 1.3 | 4.08 | 59.05 | 63.13 | OK | |
r-release-macos-arm64 | 1.3 | 33.00 | OK | |||
r-release-macos-x86_64 | 1.3 | 65.00 | OK | |||
r-release-windows-x86_64 | 1.3 | 9.00 | 80.00 | 89.00 | OK | |
r-oldrel-macos-arm64 | 1.3 | 29.00 | NOTE | |||
r-oldrel-windows-x86_64 | 1.3 | 9.00 | 86.00 | 95.00 | OK |
Version: 1.3
Check: dependencies in R code
Result: NOTE
Namespaces in Imports field not imported from:
‘DT’ ‘bslib’ ‘rclipboard’ ‘rmarkdown’
All declared Imports should be used.
Flavors: r-devel-linux-x86_64-fedora-clang, r-devel-linux-x86_64-fedora-gcc, r-oldrel-macos-arm64