CRAN Package Check Results for Package babsim.hospital

Last updated on 2021-04-19 09:50:36 CEST.

Flavor Version Tinstall Tcheck Ttotal Status Flags
r-devel-linux-x86_64-debian-clang 11.7.14 22.85 273.70 296.55 OK
r-devel-linux-x86_64-debian-gcc 11.7.14 18.99 201.18 220.17 OK
r-devel-linux-x86_64-fedora-clang 11.7.14 372.76 NOTE
r-devel-linux-x86_64-fedora-gcc 11.7.14 358.84 NOTE
r-devel-windows-ix86+x86_64 11.7.14 35.00 208.00 243.00 OK
r-devel-windows-x86_64-gcc10-UCRT 11.7.14 NOTE
r-patched-linux-x86_64 11.7.14 23.00 255.32 278.32 OK
r-patched-solaris-x86 11.7.14 519.20 NOTE
r-release-linux-x86_64 11.7.14 21.04 257.40 278.44 OK
r-release-macos-x86_64 11.7.14 NOTE
r-release-windows-ix86+x86_64 11.7.14 48.00 291.00 339.00 OK
r-oldrel-macos-x86_64 11.7.14 ERROR
r-oldrel-windows-ix86+x86_64 11.7.12 31.00 206.00 237.00 WARN

Check Details

Version: 11.7.14
Check: data for non-ASCII characters
Result: NOTE
     Note: found 62661 marked UTF-8 strings
Flavors: r-devel-linux-x86_64-fedora-clang, r-devel-linux-x86_64-fedora-gcc, r-patched-solaris-x86, r-release-macos-x86_64

Version: 11.7.14
Check: data for non-ASCII characters
Result: NOTE
     Note: found 76 marked Latin-1 strings
     Note: found 62585 marked UTF-8 strings
Flavor: r-devel-windows-x86_64-gcc10-UCRT

Version: 11.7.14
Check: whether package can be installed
Result: ERROR
    Installation failed.
Flavor: r-oldrel-macos-x86_64

Version: 11.7.12
Check: re-building of vignette outputs
Result: WARN
    Error(s) in re-building vignettes:
    --- re-building 'babsim-vignette-introduction.Rmd' using rmarkdown
    Quitting from lines 618-626 (babsim-vignette-introduction.Rmd)
    Error: processing vignette 'babsim-vignette-introduction.Rmd' failed with diagnostics:
    'origin' must be supplied
    --- failed re-building 'babsim-vignette-introduction.Rmd'
    
    SUMMARY: processing the following file failed:
     'babsim-vignette-introduction.Rmd'
    
    Error: Vignette re-building failed.
    Execution halted
Flavor: r-oldrel-windows-ix86+x86_64