Last updated on 2024-04-18 08:54:22 CEST.
Flavor | Version | Tinstall | Tcheck | Ttotal | Status | Flags |
---|---|---|---|---|---|---|
r-devel-linux-x86_64-debian-clang | 11.8.8 | 25.63 | 262.46 | 288.09 | NOTE | |
r-devel-linux-x86_64-debian-gcc | 11.8.8 | 19.22 | 190.76 | 209.98 | NOTE | |
r-devel-linux-x86_64-fedora-clang | 11.8.8 | 355.50 | NOTE | |||
r-devel-linux-x86_64-fedora-gcc | 11.8.8 | 355.75 | NOTE | |||
r-prerel-macos-arm64 | 11.8.8 | 91.00 | NOTE | |||
r-prerel-windows-x86_64 | 11.8.8 | 21.00 | 199.00 | 220.00 | NOTE | |
r-patched-linux-x86_64 | 11.8.8 | 15.65 | 256.57 | 272.22 | NOTE | |
r-release-linux-x86_64 | 11.8.8 | 16.08 | 252.08 | 268.16 | OK | |
r-release-macos-arm64 | 11.8.8 | 101.00 | OK | |||
r-release-macos-x86_64 | 11.8.8 | 164.00 | OK | |||
r-release-windows-x86_64 | 11.8.8 | 27.00 | 254.00 | 281.00 | OK | |
r-oldrel-macos-arm64 | 11.8.8 | 89.00 | NOTE | |||
r-oldrel-windows-x86_64 | 11.8.8 | 30.00 | 243.00 | 273.00 | OK |
Version: 11.8.8
Check: Rd files
Result: NOTE
checkRd: (-1) envToTibble.Rd:79: Lost braces in \itemize; meant \describe ?
checkRd: (-1) envToTibble.Rd:80: Lost braces in \itemize; meant \describe ?
checkRd: (-1) envToTibble.Rd:81: Lost braces in \itemize; meant \describe ?
checkRd: (-1) envToTibble.Rd:82: Lost braces in \itemize; meant \describe ?
checkRd: (-1) envToTibble.Rd:83: Lost braces in \itemize; meant \describe ?
checkRd: (-1) envToTibble.Rd:84: Lost braces in \itemize; meant \describe ?
checkRd: (-1) envToTibble.Rd:85: Lost braces in \itemize; meant \describe ?
checkRd: (-1) envToTibble.Rd:86: Lost braces in \itemize; meant \describe ?
checkRd: (-1) fitExponential.Rd:22: Lost braces; missing escapes or markup?
22 | Fit the model $y = a e^{bx}$ to the provided data.
| ^
checkRd: (-1) getDailyMaxResults.Rd:77: Lost braces in \itemize; meant \describe ?
checkRd: (-1) getDailyMaxResults.Rd:78: Lost braces in \itemize; meant \describe ?
checkRd: (-1) getDailyMaxResults.Rd:79: Lost braces in \itemize; meant \describe ?
checkRd: (-1) getDailyMaxResults.Rd:80: Lost braces in \itemize; meant \describe ?
checkRd: (-1) getDailyMaxResults.Rd:81: Lost braces in \itemize; meant \describe ?
checkRd: (-1) getDailyMaxResults.Rd:82: Lost braces in \itemize; meant \describe ?
checkRd: (-1) getDailyMaxResults.Rd:83: Lost braces in \itemize; meant \describe ?
checkRd: (-1) getDailyMaxResults.Rd:84: Lost braces in \itemize; meant \describe ?
checkRd: (-1) ggVisualizeIcu.Rd:27: Lost braces
27 | |code{05315} fuer Koeln oder \code{05911} fuer Bochum.}
| ^
checkRd: (-1) postprocessEnvs.Rd:41: Lost braces in \itemize; meant \describe ?
checkRd: (-1) postprocessEnvs.Rd:42: Lost braces in \itemize; meant \describe ?
checkRd: (-1) postprocessEnvs.Rd:43: Lost braces in \itemize; meant \describe ?
checkRd: (-1) postprocessEnvs.Rd:44: Lost braces in \itemize; meant \describe ?
checkRd: (-1) postprocessEnvs.Rd:45: Lost braces in \itemize; meant \describe ?
checkRd: (-1) postprocessEnvs.Rd:46: Lost braces in \itemize; meant \describe ?
checkRd: (-1) postprocessEnvs.Rd:47: Lost braces in \itemize; meant \describe ?
checkRd: (-1) postprocessEnvs.Rd:48: Lost braces in \itemize; meant \describe ?
checkRd: (-1) visualizeIcu.Rd:27: Lost braces
27 | |code{05315} fuer Koeln oder \code{05911} fuer Bochum.}
| ^
Flavors: r-devel-linux-x86_64-debian-clang, r-devel-linux-x86_64-debian-gcc, r-devel-linux-x86_64-fedora-clang, r-devel-linux-x86_64-fedora-gcc, r-prerel-macos-arm64, r-prerel-windows-x86_64, r-patched-linux-x86_64
Version: 11.8.8
Check: data for non-ASCII characters
Result: NOTE
Note: found 64209 marked UTF-8 strings
Flavors: r-devel-linux-x86_64-fedora-clang, r-devel-linux-x86_64-fedora-gcc, r-oldrel-macos-arm64